185.222.41.217 - - [25/Feb/2026:00:23:53 +0330] "GET /wp-login.php?redirect_to=https%3A%2F%2Faxonvira.com%2Fwp-admin%2F&reauth=1 HTTP/1.1" 200 1805 "https://axonvira.com/wp-login.php" "Mozilla/5.0 (X11; Linux x86_64) AppleWebKit/537.36 (KHTML, like Gecko) Chrome/119.0.0.0 Safari/537.36"
153.80.123.233 - - [25/Feb/2026:00:23:54 +0330] "GET /wp-login.php HTTP/1.1" 200 1805 "https://www.google.com" "Mozilla/5.0 (X11; Linux x86_64) AppleWebKit/537.36 (KHTML, like Gecko) Chrome/119.0.0.0 Safari/537.36"
153.80.123.233 - - [25/Feb/2026:00:23:55 +0330] "POST /wp-login.php HTTP/1.1" 200 2225 "https://axonvira.com/wp-login.php" "Mozilla/5.0 (X11; Linux x86_64) AppleWebKit/537.36 (KHTML, like Gecko) Chrome/119.0.0.0 Safari/537.36"
153.80.123.233 - - [25/Feb/2026:00:23:55 +0330] "GET /wp-admin/ HTTP/1.1" 302 0 "https://axonvira.com/wp-login.php" "Mozilla/5.0 (X11; Linux x86_64) AppleWebKit/537.36 (KHTML, like Gecko) Chrome/119.0.0.0 Safari/537.36"
138.249.38.2 - - [25/Feb/2026:00:23:58 +0330] "GET /wp-login.php HTTP/1.1" 200 1805 "https://www.google.com" "Mozilla/5.0 (X11; Linux x86_64) AppleWebKit/537.36 (KHTML, like Gecko) Chrome/119.0.0.0 Safari/537.36"
138.249.38.2 - - [25/Feb/2026:00:23:59 +0330] "POST /wp-login.php HTTP/1.1" 200 2225 "https://axonvira.com/wp-login.php" "Mozilla/5.0 (X11; Linux x86_64) AppleWebKit/537.36 (KHTML, like Gecko) Chrome/119.0.0.0 Safari/537.36"
154.94.42.143 - - [25/Feb/2026:00:24:01 +0330] "GET /wp-login.php HTTP/1.1" 200 1805 "https://www.google.com" "Mozilla/5.0 (X11; Linux x86_64) AppleWebKit/537.36 (KHTML, like Gecko) Chrome/119.0.0.0 Safari/537.36"
154.94.42.143 - - [25/Feb/2026:00:24:01 +0330] "POST /wp-login.php HTTP/1.1" 200 2183 "https://axonvira.com/wp-login.php" "Mozilla/5.0 (X11; Linux x86_64) AppleWebKit/537.36 (KHTML, like Gecko) Chrome/119.0.0.0 Safari/537.36"
154.94.42.143 - - [25/Feb/2026:00:24:02 +0330] "GET /wp-login.php?redirect_to=https%3A%2F%2Faxonvira.com%2Fwp-admin%2F&reauth=1 HTTP/1.1" 200 1805 "https://axonvira.com/wp-login.php" "Mozilla/5.0 (X11; Linux x86_64) AppleWebKit/537.36 (KHTML, like Gecko) Chrome/119.0.0.0 Safari/537.36"
156.233.62.14 - - [25/Feb/2026:00:24:05 +0330] "GET /wp-json/wp/v2/users HTTP/1.1" 200 343 "https://www.google.com" "Mozilla/5.0 (X11; Linux x86_64) AppleWebKit/537.36 (KHTML, like Gecko) Chrome/119.0.0.0 Safari/537.36"
156.233.62.14 - - [25/Feb/2026:00:24:06 +0330] "GET /?author=1 HTTP/1.1" 301 0 "https://www.google.com" "Mozilla/5.0 (X11; Linux x86_64) AppleWebKit/537.36 (KHTML, like Gecko) Chrome/119.0.0.0 Safari/537.36"
156.233.62.14 - - [25/Feb/2026:00:24:06 +0330] "POST /xmlrpc.php HTTP/1.1" 200 139 "-" "Apache-HttpClient/4.5.13 (Java/11.0.30)"
156.233.62.14 - - [25/Feb/2026:00:24:07 +0330] "POST /xmlrpc.php HTTP/1.1" 200 211 "-" "Apache-HttpClient/4.5.13 (Java/11.0.30)"
156.233.62.14 - - [25/Feb/2026:00:24:08 +0330] "POST /xmlrpc.php HTTP/1.1" 200 211 "-" "Apache-HttpClient/4.5.13 (Java/11.0.30)"
156.233.62.14 - - [25/Feb/2026:00:24:09 +0330] "POST /xmlrpc.php HTTP/1.1" 200 211 "-" "Apache-HttpClient/4.5.13 (Java/11.0.30)"
155.212.113.11 - - [25/Feb/2026:00:24:11 +0330] "POST /wp-login.php HTTP/1.1" 200 2183 "https://axonvira.com/wp-login.php" "Mozilla/5.0 (X11; Linux x86_64) AppleWebKit/537.36 (KHTML, like Gecko) Chrome/119.0.0.0 Safari/537.36"
155.212.113.11 - - [25/Feb/2026:00:24:12 +0330] "GET /wp-login.php?redirect_to=https%3A%2F%2Faxonvira.com%2Fwp-admin%2F&reauth=1 HTTP/1.1" 200 1805 "https://axonvira.com/wp-login.php" "Mozilla/5.0 (X11; Linux x86_64) AppleWebKit/537.36 (KHTML, like Gecko) Chrome/119.0.0.0 Safari/537.36"
185.232.19.226 - - [25/Feb/2026:00:24:15 +0330] "GET /wp-login.php?redirect_to=https%3A%2F%2Faxonvira.com%2Fwp-admin%2F&reauth=1 HTTP/1.1" 200 1805 "https://axonvira.com/wp-login.php" "Mozilla/5.0 (X11; Linux x86_64) AppleWebKit/537.36 (KHTML, like Gecko) Chrome/119.0.0.0 Safari/537.36"
135.106.127.6 - - [25/Feb/2026:00:24:16 +0330] "GET /wp-login.php HTTP/1.1" 200 1805 "https://www.google.com" "Mozilla/5.0 (X11; Linux x86_64) AppleWebKit/537.36 (KHTML, like Gecko) Chrome/119.0.0.0 Safari/537.36"
135.106.127.6 - - [25/Feb/2026:00:24:17 +0330] "POST /wp-login.php HTTP/1.1" 200 2225 "https://axonvira.com/wp-login.php" "Mozilla/5.0 (X11; Linux x86_64) AppleWebKit/537.36 (KHTML, like Gecko) Chrome/119.0.0.0 Safari/537.36"
31.222.247.140 - - [25/Feb/2026:00:24:20 +0330] "GET /wp-login.php HTTP/1.1" 200 1805 "https://www.google.com" "Mozilla/5.0 (X11; Linux x86_64) AppleWebKit/537.36 (KHTML, like Gecko) Chrome/119.0.0.0 Safari/537.36"
31.222.247.140 - - [25/Feb/2026:00:24:22 +0330] "POST /wp-login.php HTTP/1.1" 200 2183 "https://axonvira.com/wp-login.php" "Mozilla/5.0 (X11; Linux x86_64) AppleWebKit/537.36 (KHTML, like Gecko) Chrome/119.0.0.0 Safari/537.36"
154.221.57.59 - - [25/Feb/2026:00:24:23 +0330] "GET /wp-json/wp/v2/users HTTP/1.1" 200 343 "https://www.google.com" "Mozilla/5.0 (X11; Linux x86_64) AppleWebKit/537.36 (KHTML, like Gecko) Chrome/119.0.0.0 Safari/537.36"
154.221.57.59 - - [25/Feb/2026:00:24:24 +0330] "GET /?author=1 HTTP/1.1" 301 0 "https://www.google.com" "Mozilla/5.0 (X11; Linux x86_64) AppleWebKit/537.36 (KHTML, like Gecko) Chrome/119.0.0.0 Safari/537.36"
154.221.57.59 - - [25/Feb/2026:00:24:24 +0330] "POST /xmlrpc.php HTTP/1.1" 200 139 "-" "Apache-HttpClient/4.5.13 (Java/11.0.30)"
154.221.57.59 - - [25/Feb/2026:00:24:25 +0330] "POST /xmlrpc.php HTTP/1.1" 200 211 "-" "Apache-HttpClient/4.5.13 (Java/11.0.30)"
154.221.57.59 - - [25/Feb/2026:00:24:26 +0330] "GET /wp-login.php HTTP/1.1" 200 1805 "https://www.google.com" "Mozilla/5.0 (X11; Linux x86_64) AppleWebKit/537.36 (KHTML, like Gecko) Chrome/119.0.0.0 Safari/537.36"
154.219.30.163 - - [25/Feb/2026:00:24:27 +0330] "GET /wp-login.php HTTP/1.1" 200 1805 "https://www.google.com" "Mozilla/5.0 (X11; Linux x86_64) AppleWebKit/537.36 (KHTML, like Gecko) Chrome/119.0.0.0 Safari/537.36"
31.222.247.140 - - [25/Feb/2026:00:24:27 +0330] "GET /wp-login.php?redirect_to=https%3A%2F%2Faxonvira.com%2Fwp-admin%2F&reauth=1 HTTP/1.1" 200 1805 "https://axonvira.com/wp-login.php" "Mozilla/5.0 (X11; Linux x86_64) AppleWebKit/537.36 (KHTML, like Gecko) Chrome/119.0.0.0 Safari/537.36"
154.219.30.163 - - [25/Feb/2026:00:24:27 +0330] "POST /wp-login.php HTTP/1.1" 200 2183 "https://axonvira.com/wp-login.php" "Mozilla/5.0 (X11; Linux x86_64) AppleWebKit/537.36 (KHTML, like Gecko) Chrome/119.0.0.0 Safari/537.36"
154.219.30.163 - - [25/Feb/2026:00:24:28 +0330] "GET /wp-login.php?redirect_to=https%3A%2F%2Faxonvira.com%2Fwp-admin%2F&reauth=1 HTTP/1.1" 200 1805 "https://axonvira.com/wp-login.php" "Mozilla/5.0 (X11; Linux x86_64) AppleWebKit/537.36 (KHTML, like Gecko) Chrome/119.0.0.0 Safari/537.36"
154.219.198.24 - - [25/Feb/2026:00:24:29 +0330] "POST /wp-login.php HTTP/1.1" 200 2225 "https://axonvira.com/wp-login.php" "Mozilla/5.0 (X11; Linux x86_64) AppleWebKit/537.36 (KHTML, like Gecko) Chrome/119.0.0.0 Safari/537.36"
154.219.198.24 - - [25/Feb/2026:00:24:29 +0330] "GET /wp-admin/ HTTP/1.1" 302 0 "https://axonvira.com/wp-login.php" "Mozilla/5.0 (X11; Linux x86_64) AppleWebKit/537.36 (KHTML, like Gecko) Chrome/119.0.0.0 Safari/537.36"
185.232.18.220 - - [25/Feb/2026:00:24:30 +0330] "GET /wp-login.php HTTP/1.1" 200 1805 "https://www.google.com" "Mozilla/5.0 (X11; Linux x86_64) AppleWebKit/537.36 (KHTML, like Gecko) Chrome/119.0.0.0 Safari/537.36"
185.232.18.220 - - [25/Feb/2026:00:24:31 +0330] "POST /wp-login.php HTTP/1.1" 200 2225 "https://axonvira.com/wp-login.php" "Mozilla/5.0 (X11; Linux x86_64) AppleWebKit/537.36 (KHTML, like Gecko) Chrome/119.0.0.0 Safari/537.36"
185.232.18.220 - - [25/Feb/2026:00:24:32 +0330] "GET /wp-admin/ HTTP/1.1" 302 0 "https://axonvira.com/wp-login.php" "Mozilla/5.0 (X11; Linux x86_64) AppleWebKit/537.36 (KHTML, like Gecko) Chrome/119.0.0.0 Safari/537.36"
185.232.19.226 - - [25/Feb/2026:00:24:15 +0330] "GET /wp-admin/ HTTP/1.1" 302 0 "https://axonvira.com/wp-login.php" "Mozilla/5.0 (X11; Linux x86_64) AppleWebKit/537.36 (KHTML, like Gecko) Chrome/119.0.0.0 Safari/537.36"
135.106.127.6 - - [25/Feb/2026:00:24:17 +0330] "GET /wp-admin/ HTTP/1.1" 302 0 "https://axonvira.com/wp-login.php" "Mozilla/5.0 (X11; Linux x86_64) AppleWebKit/537.36 (KHTML, like Gecko) Chrome/119.0.0.0 Safari/537.36"
135.106.127.6 - - [25/Feb/2026:00:24:18 +0330] "GET /wp-login.php?redirect_to=https%3A%2F%2Faxonvira.com%2Fwp-admin%2F&reauth=1 HTTP/1.1" 200 1805 "https://axonvira.com/wp-login.php" "Mozilla/5.0 (X11; Linux x86_64) AppleWebKit/537.36 (KHTML, like Gecko) Chrome/119.0.0.0 Safari/537.36"
31.222.247.140 - - [25/Feb/2026:00:24:24 +0330] "GET /wp-admin/ HTTP/1.1" 302 0 "https://axonvira.com/wp-login.php" "Mozilla/5.0 (X11; Linux x86_64) AppleWebKit/537.36 (KHTML, like Gecko) Chrome/119.0.0.0 Safari/537.36"
154.221.57.59 - - [25/Feb/2026:00:24:25 +0330] "POST /xmlrpc.php HTTP/1.1" 200 211 "-" "Apache-HttpClient/4.5.13 (Java/11.0.30)"
154.221.57.59 - - [25/Feb/2026:00:24:25 +0330] "POST /xmlrpc.php HTTP/1.1" 200 211 "-" "Apache-HttpClient/4.5.13 (Java/11.0.30)"
154.221.57.59 - - [25/Feb/2026:00:24:26 +0330] "POST /xmlrpc.php HTTP/1.1" 200 211 "-" "Apache-HttpClient/4.5.13 (Java/11.0.30)"
154.219.30.163 - - [25/Feb/2026:00:24:27 +0330] "GET /wp-admin/ HTTP/1.1" 302 0 "https://axonvira.com/wp-login.php" "Mozilla/5.0 (X11; Linux x86_64) AppleWebKit/537.36 (KHTML, like Gecko) Chrome/119.0.0.0 Safari/537.36"
154.219.198.24 - - [25/Feb/2026:00:24:28 +0330] "GET /wp-login.php HTTP/1.1" 200 1805 "https://www.google.com" "Mozilla/5.0 (X11; Linux x86_64) AppleWebKit/537.36 (KHTML, like Gecko) Chrome/119.0.0.0 Safari/537.36"
154.219.198.24 - - [25/Feb/2026:00:24:30 +0330] "GET /wp-login.php?redirect_to=https%3A%2F%2Faxonvira.com%2Fwp-admin%2F&reauth=1 HTTP/1.1" 200 1805 "https://axonvira.com/wp-login.php" "Mozilla/5.0 (X11; Linux x86_64) AppleWebKit/537.36 (KHTML, like Gecko) Chrome/119.0.0.0 Safari/537.36"
185.232.18.220 - - [25/Feb/2026:00:24:33 +0330] "GET /wp-login.php?redirect_to=https%3A%2F%2Faxonvira.com%2Fwp-admin%2F&reauth=1 HTTP/1.1" 200 1805 "https://axonvira.com/wp-login.php" "Mozilla/5.0 (X11; Linux x86_64) AppleWebKit/537.36 (KHTML, like Gecko) Chrome/119.0.0.0 Safari/537.36"
185.58.112.117 - - [25/Feb/2026:00:24:34 +0330] "POST /wp-login.php HTTP/1.1" 200 2183 "https://axonvira.com/wp-login.php" "Mozilla/5.0 (X11; Linux x86_64) AppleWebKit/537.36 (KHTML, like Gecko) Chrome/119.0.0.0 Safari/537.36"
185.58.112.117 - - [25/Feb/2026:00:24:36 +0330] "GET /wp-login.php?redirect_to=https%3A%2F%2Faxonvira.com%2Fwp-admin%2F&reauth=1 HTTP/1.1" 200 1805 "https://axonvira.com/wp-login.php" "Mozilla/5.0 (X11; Linux x86_64) AppleWebKit/537.36 (KHTML, like Gecko) Chrome/119.0.0.0 Safari/537.36"
157.22.109.222 - - [25/Feb/2026:00:24:43 +0330] "GET /?author=1 HTTP/1.1" 301 0 "https://www.google.com" "Mozilla/5.0 (X11; Linux x86_64) AppleWebKit/537.36 (KHTML, like Gecko) Chrome/119.0.0.0 Safari/537.36"
157.22.109.222 - - [25/Feb/2026:00:24:43 +0330] "POST /xmlrpc.php HTTP/1.1" 200 139 "-" "Apache-HttpClient/4.5.13 (Java/11.0.30)"
157.22.109.222 - - [25/Feb/2026:00:24:44 +0330] "POST /xmlrpc.php HTTP/1.1" 200 210 "-" "Apache-HttpClient/4.5.13 (Java/11.0.30)"
157.22.109.222 - - [25/Feb/2026:00:24:46 +0330] "POST /xmlrpc.php HTTP/1.1" 200 210 "-" "Apache-HttpClient/4.5.13 (Java/11.0.30)"
176.100.47.130 - - [25/Feb/2026:00:24:48 +0330] "GET /wp-login.php HTTP/1.1" 200 1805 "https://www.google.com" "Mozilla/5.0 (X11; Linux x86_64) AppleWebKit/537.36 (KHTML, like Gecko) Chrome/119.0.0.0 Safari/537.36"
176.100.47.130 - - [25/Feb/2026:00:24:48 +0330] "POST /wp-login.php HTTP/1.1" 200 2183 "https://axonvira.com/wp-login.php" "Mozilla/5.0 (X11; Linux x86_64) AppleWebKit/537.36 (KHTML, like Gecko) Chrome/119.0.0.0 Safari/537.36"
176.100.47.130 - - [25/Feb/2026:00:24:48 +0330] "GET /wp-admin/ HTTP/1.1" 302 0 "https://axonvira.com/wp-login.php" "Mozilla/5.0 (X11; Linux x86_64) AppleWebKit/537.36 (KHTML, like Gecko) Chrome/119.0.0.0 Safari/537.36"
176.100.47.130 - - [25/Feb/2026:00:24:49 +0330] "GET /wp-login.php?redirect_to=https%3A%2F%2Faxonvira.com%2Fwp-admin%2F&reauth=1 HTTP/1.1" 200 1805 "https://axonvira.com/wp-login.php" "Mozilla/5.0 (X11; Linux x86_64) AppleWebKit/537.36 (KHTML, like Gecko) Chrome/119.0.0.0 Safari/537.36"
156.239.155.106 - - [25/Feb/2026:00:24:50 +0330] "GET /wp-login.php HTTP/1.1" 200 1805 "https://www.google.com" "Mozilla/5.0 (X11; Linux x86_64) AppleWebKit/537.36 (KHTML, like Gecko) Chrome/119.0.0.0 Safari/537.36"
156.239.155.106 - - [25/Feb/2026:00:24:51 +0330] "POST /wp-login.php HTTP/1.1" 200 2225 "https://axonvira.com/wp-login.php" "Mozilla/5.0 (X11; Linux x86_64) AppleWebKit/537.36 (KHTML, like Gecko) Chrome/119.0.0.0 Safari/537.36"
156.239.155.106 - - [25/Feb/2026:00:24:55 +0330] "GET /wp-login.php?redirect_to=https%3A%2F%2Faxonvira.com%2Fwp-admin%2F&reauth=1 HTTP/1.1" 200 1805 "https://axonvira.com/wp-login.php" "Mozilla/5.0 (X11; Linux x86_64) AppleWebKit/537.36 (KHTML, like Gecko) Chrome/119.0.0.0 Safari/537.36"
154.221.57.59 - - [25/Feb/2026:00:24:55 +0330] "GET /wp-login.php HTTP/1.1" 200 1805 "https://www.google.com" "Mozilla/5.0 (X11; Linux x86_64) AppleWebKit/537.36 (KHTML, like Gecko) Chrome/119.0.0.0 Safari/537.36"
154.221.57.59 - - [25/Feb/2026:00:24:56 +0330] "POST /wp-login.php HTTP/1.1" 200 2225 "https://axonvira.com/wp-login.php" "Mozilla/5.0 (X11; Linux x86_64) AppleWebKit/537.36 (KHTML, like Gecko) Chrome/119.0.0.0 Safari/537.36"
154.221.57.59 - - [25/Feb/2026:00:24:57 +0330] "GET /wp-login.php?redirect_to=https%3A%2F%2Faxonvira.com%2Fwp-admin%2F&reauth=1 HTTP/1.1" 200 1805 "https://axonvira.com/wp-login.php" "Mozilla/5.0 (X11; Linux x86_64) AppleWebKit/537.36 (KHTML, like Gecko) Chrome/119.0.0.0 Safari/537.36"
176.100.47.130 - - [25/Feb/2026:00:24:57 +0330] "POST /wp-login.php HTTP/1.1" 200 2183 "https://axonvira.com/wp-login.php" "Mozilla/5.0 (X11; Linux x86_64) AppleWebKit/537.36 (KHTML, like Gecko) Chrome/119.0.0.0 Safari/537.36"
176.100.47.130 - - [25/Feb/2026:00:24:58 +0330] "GET /wp-admin/ HTTP/1.1" 302 0 "https://axonvira.com/wp-login.php" "Mozilla/5.0 (X11; Linux x86_64) AppleWebKit/537.36 (KHTML, like Gecko) Chrome/119.0.0.0 Safari/537.36"
176.100.47.130 - - [25/Feb/2026:00:24:58 +0330] "GET /wp-login.php?redirect_to=https%3A%2F%2Faxonvira.com%2Fwp-admin%2F&reauth=1 HTTP/1.1" 200 1805 "https://axonvira.com/wp-login.php" "Mozilla/5.0 (X11; Linux x86_64) AppleWebKit/537.36 (KHTML, like Gecko) Chrome/119.0.0.0 Safari/537.36"
155.212.67.130 - - [25/Feb/2026:00:24:59 +0330] "GET /wp-json/wp/v2/users HTTP/1.1" 200 343 "https://www.google.com" "Mozilla/5.0 (X11; Linux x86_64) AppleWebKit/537.36 (KHTML, like Gecko) Chrome/119.0.0.0 Safari/537.36"
155.212.67.130 - - [25/Feb/2026:00:25:00 +0330] "POST /xmlrpc.php HTTP/1.1" 200 139 "-" "Apache-HttpClient/4.5.13 (Java/11.0.30)"
155.212.67.130 - - [25/Feb/2026:00:25:02 +0330] "POST /xmlrpc.php HTTP/1.1" 200 210 "-" "Apache-HttpClient/4.5.13 (Java/11.0.30)"
155.212.67.130 - - [25/Feb/2026:00:25:03 +0330] "GET /wp-login.php HTTP/1.1" 200 1805 "https://www.google.com" "Mozilla/5.0 (X11; Linux x86_64) AppleWebKit/537.36 (KHTML, like Gecko) Chrome/119.0.0.0 Safari/537.36"
153.80.46.167 - - [25/Feb/2026:00:25:04 +0330] "POST /wp-login.php HTTP/1.1" 200 2183 "https://axonvira.com/wp-login.php" "Mozilla/5.0 (X11; Linux x86_64) AppleWebKit/537.36 (KHTML, like Gecko) Chrome/119.0.0.0 Safari/537.36"
153.80.46.167 - - [25/Feb/2026:00:25:05 +0330] "GET /wp-admin/ HTTP/1.1" 302 0 "https://axonvira.com/wp-login.php" "Mozilla/5.0 (X11; Linux x86_64) AppleWebKit/537.36 (KHTML, like Gecko) Chrome/119.0.0.0 Safari/537.36"
45.199.241.144 - - [25/Feb/2026:00:25:06 +0330] "GET /wp-login.php HTTP/1.1" 200 1805 "https://www.google.com" "Mozilla/5.0 (X11; Linux x86_64) AppleWebKit/537.36 (KHTML, like Gecko) Chrome/119.0.0.0 Safari/537.36"
185.58.112.117 - - [25/Feb/2026:00:24:34 +0330] "GET /wp-login.php HTTP/1.1" 200 1805 "https://www.google.com" "Mozilla/5.0 (X11; Linux x86_64) AppleWebKit/537.36 (KHTML, like Gecko) Chrome/119.0.0.0 Safari/537.36"
185.58.112.117 - - [25/Feb/2026:00:24:35 +0330] "GET /wp-admin/ HTTP/1.1" 302 0 "https://axonvira.com/wp-login.php" "Mozilla/5.0 (X11; Linux x86_64) AppleWebKit/537.36 (KHTML, like Gecko) Chrome/119.0.0.0 Safari/537.36"
157.22.109.222 - - [25/Feb/2026:00:24:42 +0330] "GET /wp-json/wp/v2/users HTTP/1.1" 200 343 "https://www.google.com" "Mozilla/5.0 (X11; Linux x86_64) AppleWebKit/537.36 (KHTML, like Gecko) Chrome/119.0.0.0 Safari/537.36"
157.22.109.222 - - [25/Feb/2026:00:24:45 +0330] "POST /xmlrpc.php HTTP/1.1" 200 210 "-" "Apache-HttpClient/4.5.13 (Java/11.0.30)"
157.22.109.222 - - [25/Feb/2026:00:24:46 +0330] "POST /xmlrpc.php HTTP/1.1" 200 210 "-" "Apache-HttpClient/4.5.13 (Java/11.0.30)"
157.22.109.222 - - [25/Feb/2026:00:24:47 +0330] "GET /wp-login.php HTTP/1.1" 200 1805 "https://www.google.com" "Mozilla/5.0 (X11; Linux x86_64) AppleWebKit/537.36 (KHTML, like Gecko) Chrome/119.0.0.0 Safari/537.36"
156.239.155.106 - - [25/Feb/2026:00:24:53 +0330] "GET /wp-admin/ HTTP/1.1" 302 0 "https://axonvira.com/wp-login.php" "Mozilla/5.0 (X11; Linux x86_64) AppleWebKit/537.36 (KHTML, like Gecko) Chrome/119.0.0.0 Safari/537.36"
154.221.57.59 - - [25/Feb/2026:00:24:56 +0330] "GET /wp-admin/ HTTP/1.1" 302 0 "https://axonvira.com/wp-login.php" "Mozilla/5.0 (X11; Linux x86_64) AppleWebKit/537.36 (KHTML, like Gecko) Chrome/119.0.0.0 Safari/537.36"
176.100.47.130 - - [25/Feb/2026:00:24:57 +0330] "GET /wp-login.php HTTP/1.1" 200 1805 "https://www.google.com" "Mozilla/5.0 (X11; Linux x86_64) AppleWebKit/537.36 (KHTML, like Gecko) Chrome/119.0.0.0 Safari/537.36"
155.212.67.130 - - [25/Feb/2026:00:24:59 +0330] "GET /?author=1 HTTP/1.1" 301 0 "https://www.google.com" "Mozilla/5.0 (X11; Linux x86_64) AppleWebKit/537.36 (KHTML, like Gecko) Chrome/119.0.0.0 Safari/537.36"
155.212.67.130 - - [25/Feb/2026:00:25:01 +0330] "POST /xmlrpc.php HTTP/1.1" 200 210 "-" "Apache-HttpClient/4.5.13 (Java/11.0.30)"
155.212.67.130 - - [25/Feb/2026:00:25:01 +0330] "POST /xmlrpc.php HTTP/1.1" 200 210 "-" "Apache-HttpClient/4.5.13 (Java/11.0.30)"
155.212.67.130 - - [25/Feb/2026:00:25:02 +0330] "POST /xmlrpc.php HTTP/1.1" 200 210 "-" "Apache-HttpClient/4.5.13 (Java/11.0.30)"
153.80.46.167 - - [25/Feb/2026:00:25:03 +0330] "GET /wp-login.php HTTP/1.1" 200 1805 "https://www.google.com" "Mozilla/5.0 (X11; Linux x86_64) AppleWebKit/537.36 (KHTML, like Gecko) Chrome/119.0.0.0 Safari/537.36"
153.80.46.167 - - [25/Feb/2026:00:25:05 +0330] "GET /wp-login.php?redirect_to=https%3A%2F%2Faxonvira.com%2Fwp-admin%2F&reauth=1 HTTP/1.1" 200 1805 "https://axonvira.com/wp-login.php" "Mozilla/5.0 (X11; Linux x86_64) AppleWebKit/537.36 (KHTML, like Gecko) Chrome/119.0.0.0 Safari/537.36"
45.199.241.144 - - [25/Feb/2026:00:25:07 +0330] "GET /wp-login.php?redirect_to=https%3A%2F%2Faxonvira.com%2Fwp-admin%2F&reauth=1 HTTP/1.1" 200 1805 "https://axonvira.com/wp-login.php" "Mozilla/5.0 (X11; Linux x86_64) AppleWebKit/537.36 (KHTML, like Gecko) Chrome/119.0.0.0 Safari/537.36"
45.152.214.203 - - [25/Feb/2026:00:25:09 +0330] "GET /wp-admin/ HTTP/1.1" 302 0 "https://axonvira.com/wp-login.php" "Mozilla/5.0 (X11; Linux x86_64) AppleWebKit/537.36 (KHTML, like Gecko) Chrome/119.0.0.0 Safari/537.36"
154.194.81.171 - - [25/Feb/2026:00:25:11 +0330] "GET /wp-login.php HTTP/1.1" 200 1805 "https://www.google.com" "Mozilla/5.0 (X11; Linux x86_64) AppleWebKit/537.36 (KHTML, like Gecko) Chrome/119.0.0.0 Safari/537.36"
154.194.81.171 - - [25/Feb/2026:00:25:11 +0330] "POST /wp-login.php HTTP/1.1" 200 2183 "https://axonvira.com/wp-login.php" "Mozilla/5.0 (X11; Linux x86_64) AppleWebKit/537.36 (KHTML, like Gecko) Chrome/119.0.0.0 Safari/537.36"
146.19.31.88 - - [25/Feb/2026:00:25:17 +0330] "GET /?author=1 HTTP/1.1" 301 0 "https://www.google.com" "Mozilla/5.0 (X11; Linux x86_64) AppleWebKit/537.36 (KHTML, like Gecko) Chrome/119.0.0.0 Safari/537.36"
146.19.31.88 - - [25/Feb/2026:00:25:18 +0330] "POST /xmlrpc.php HTTP/1.1" 200 139 "-" "Apache-HttpClient/4.5.13 (Java/11.0.30)"
146.19.31.88 - - [25/Feb/2026:00:25:19 +0330] "POST /xmlrpc.php HTTP/1.1" 200 210 "-" "Apache-HttpClient/4.5.13 (Java/11.0.30)"
40.80.89.74 - - [25/Feb/2026:00:25:24 +0330] "GET /index.php HTTP/1.1" 301 0 "-" "Mozilla/5.0 (Windows NT 10.0; Win64; x64) AppleWebKit/537.36 (KHTML, like Gecko) Chrome/120.0.0.0 Safari/537.36"
40.80.89.74 - - [25/Feb/2026:00:25:25 +0330] "GET /randkeyword.php HTTP/1.1" 404 11585 "-" "Mozilla/5.0 (Windows NT 10.0; Win64; x64) AppleWebKit/537.36 (KHTML, like Gecko) Chrome/120.0.0.0 Safari/537.36"
40.80.89.74 - - [25/Feb/2026:00:25:25 +0330] "GET /goods.php HTTP/1.1" 404 11585 "-" "Mozilla/5.0 (Windows NT 10.0; Win64; x64) AppleWebKit/537.36 (KHTML, like Gecko) Chrome/120.0.0.0 Safari/537.36"
40.80.89.74 - - [25/Feb/2026:00:25:26 +0330] "GET /hehe.php HTTP/1.1" 404 11585 "-" "Mozilla/5.0 (Windows NT 10.0; Win64; x64) AppleWebKit/537.36 (KHTML, like Gecko) Chrome/120.0.0.0 Safari/537.36"
146.19.31.88 - - [25/Feb/2026:00:25:23 +0330] "POST /xmlrpc.php HTTP/1.1" 200 210 "-" "Apache-HttpClient/4.5.13 (Java/11.0.30)"
40.80.89.74 - - [25/Feb/2026:00:25:26 +0330] "GET /user.php HTTP/1.1" 404 11585 "-" "Mozilla/5.0 (Windows NT 10.0; Win64; x64) AppleWebKit/537.36 (KHTML, like Gecko) Chrome/120.0.0.0 Safari/537.36"
146.19.31.88 - - [25/Feb/2026:00:25:26 +0330] "GET /wp-login.php HTTP/1.1" 200 1805 "https://www.google.com" "Mozilla/5.0 (X11; Linux x86_64) AppleWebKit/537.36 (KHTML, like Gecko) Chrome/119.0.0.0 Safari/537.36"
40.80.89.74 - - [25/Feb/2026:00:25:27 +0330] "GET /wp-2019.php HTTP/1.1" 404 11585 "-" "Mozilla/5.0 (Windows NT 10.0; Win64; x64) AppleWebKit/537.36 (KHTML, like Gecko) Chrome/120.0.0.0 Safari/537.36"
45.91.161.165 - - [25/Feb/2026:00:25:27 +0330] "POST /wp-login.php HTTP/1.1" 200 2183 "https://axonvira.com/wp-login.php" "Mozilla/5.0 (X11; Linux x86_64) AppleWebKit/537.36 (KHTML, like Gecko) Chrome/119.0.0.0 Safari/537.36"
40.80.89.74 - - [25/Feb/2026:00:25:27 +0330] "GET /chosen.php HTTP/1.1" 404 11585 "-" "Mozilla/5.0 (Windows NT 10.0; Win64; x64) AppleWebKit/537.36 (KHTML, like Gecko) Chrome/120.0.0.0 Safari/537.36"
40.80.89.74 - - [25/Feb/2026:00:25:28 +0330] "GET /functions.php HTTP/1.1" 404 11585 "-" "Mozilla/5.0 (Windows NT 10.0; Win64; x64) AppleWebKit/537.36 (KHTML, like Gecko) Chrome/120.0.0.0 Safari/537.36"
40.80.89.74 - - [25/Feb/2026:00:25:28 +0330] "GET /cron.php HTTP/1.1" 404 11585 "-" "Mozilla/5.0 (Windows NT 10.0; Win64; x64) AppleWebKit/537.36 (KHTML, like Gecko) Chrome/120.0.0.0 Safari/537.36"
40.80.89.74 - - [25/Feb/2026:00:25:29 +0330] "GET /edit.php HTTP/1.1" 404 11585 "-" "Mozilla/5.0 (Windows NT 10.0; Win64; x64) AppleWebKit/537.36 (KHTML, like Gecko) Chrome/120.0.0.0 Safari/537.36"
156.233.55.66 - - [25/Feb/2026:00:25:29 +0330] "GET /wp-login.php HTTP/1.1" 200 1805 "https://www.google.com" "Mozilla/5.0 (X11; Linux x86_64) AppleWebKit/537.36 (KHTML, like Gecko) Chrome/119.0.0.0 Safari/537.36"
40.80.89.74 - - [25/Feb/2026:00:25:29 +0330] "GET /gecko-new.php HTTP/1.1" 404 11585 "-" "Mozilla/5.0 (Windows NT 10.0; Win64; x64) AppleWebKit/537.36 (KHTML, like Gecko) Chrome/120.0.0.0 Safari/537.36"
156.233.55.66 - - [25/Feb/2026:00:25:30 +0330] "POST /wp-login.php HTTP/1.1" 200 2225 "https://axonvira.com/wp-login.php" "Mozilla/5.0 (X11; Linux x86_64) AppleWebKit/537.36 (KHTML, like Gecko) Chrome/119.0.0.0 Safari/537.36"
40.80.89.74 - - [25/Feb/2026:00:25:30 +0330] "GET /cookie.php HTTP/1.1" 404 11585 "-" "Mozilla/5.0 (Windows NT 10.0; Win64; x64) AppleWebKit/537.36 (KHTML, like Gecko) Chrome/120.0.0.0 Safari/537.36"
156.233.55.66 - - [25/Feb/2026:00:25:31 +0330] "GET /wp-admin/ HTTP/1.1" 302 0 "https://axonvira.com/wp-login.php" "Mozilla/5.0 (X11; Linux x86_64) AppleWebKit/537.36 (KHTML, like Gecko) Chrome/119.0.0.0 Safari/537.36"
40.80.89.74 - - [25/Feb/2026:00:25:31 +0330] "GET /xleet.php HTTP/1.1" 404 11585 "-" "Mozilla/5.0 (Windows NT 10.0; Win64; x64) AppleWebKit/537.36 (KHTML, like Gecko) Chrome/120.0.0.0 Safari/537.36"
40.80.89.74 - - [25/Feb/2026:00:25:31 +0330] "GET /spip.php HTTP/1.1" 404 11585 "-" "Mozilla/5.0 (Windows NT 10.0; Win64; x64) AppleWebKit/537.36 (KHTML, like Gecko) Chrome/120.0.0.0 Safari/537.36"
40.80.89.74 - - [25/Feb/2026:00:25:32 +0330] "GET /22.php HTTP/1.1" 404 11585 "-" "Mozilla/5.0 (Windows NT 10.0; Win64; x64) AppleWebKit/537.36 (KHTML, like Gecko) Chrome/120.0.0.0 Safari/537.36"
94.103.190.221 - - [25/Feb/2026:00:25:32 +0330] "GET /wp-login.php HTTP/1.1" 200 1805 "https://www.google.com" "Mozilla/5.0 (X11; Linux x86_64) AppleWebKit/537.36 (KHTML, like Gecko) Chrome/119.0.0.0 Safari/537.36"
40.80.89.74 - - [25/Feb/2026:00:25:32 +0330] "GET /room.php HTTP/1.1" 404 11585 "-" "Mozilla/5.0 (Windows NT 10.0; Win64; x64) AppleWebKit/537.36 (KHTML, like Gecko) Chrome/120.0.0.0 Safari/537.36"
40.80.89.74 - - [25/Feb/2026:00:25:33 +0330] "GET /disagreed.php HTTP/1.1" 404 11585 "-" "Mozilla/5.0 (Windows NT 10.0; Win64; x64) AppleWebKit/537.36 (KHTML, like Gecko) Chrome/120.0.0.0 Safari/537.36"
40.80.89.74 - - [25/Feb/2026:00:25:33 +0330] "GET /text.php HTTP/1.1" 404 11585 "-" "Mozilla/5.0 (Windows NT 10.0; Win64; x64) AppleWebKit/537.36 (KHTML, like Gecko) Chrome/120.0.0.0 Safari/537.36"
170.168.178.157 - - [25/Feb/2026:00:25:34 +0330] "GET /wp-login.php HTTP/1.1" 200 1805 "https://www.google.com" "Mozilla/5.0 (X11; Linux x86_64) AppleWebKit/537.36 (KHTML, like Gecko) Chrome/119.0.0.0 Safari/537.36"
40.80.89.74 - - [25/Feb/2026:00:25:34 +0330] "GET /alfa-rex.php HTTP/1.1" 404 11585 "-" "Mozilla/5.0 (Windows NT 10.0; Win64; x64) AppleWebKit/537.36 (KHTML, like Gecko) Chrome/120.0.0.0 Safari/537.36"
40.80.89.74 - - [25/Feb/2026:00:25:34 +0330] "GET /feeds.php HTTP/1.1" 404 11585 "-" "Mozilla/5.0 (Windows NT 10.0; Win64; x64) AppleWebKit/537.36 (KHTML, like Gecko) Chrome/120.0.0.0 Safari/537.36"
170.168.178.157 - - [25/Feb/2026:00:25:35 +0330] "POST /wp-login.php HTTP/1.1" 200 2183 "https://axonvira.com/wp-login.php" "Mozilla/5.0 (X11; Linux x86_64) AppleWebKit/537.36 (KHTML, like Gecko) Chrome/119.0.0.0 Safari/537.36"
40.80.89.74 - - [25/Feb/2026:00:25:35 +0330] "GET /radio.php HTTP/1.1" 404 11585 "-" "Mozilla/5.0 (Windows NT 10.0; Win64; x64) AppleWebKit/537.36 (KHTML, like Gecko) Chrome/120.0.0.0 Safari/537.36"
170.168.178.157 - - [25/Feb/2026:00:25:35 +0330] "GET /wp-admin/ HTTP/1.1" 302 0 "https://axonvira.com/wp-login.php" "Mozilla/5.0 (X11; Linux x86_64) AppleWebKit/537.36 (KHTML, like Gecko) Chrome/119.0.0.0 Safari/537.36"
40.80.89.74 - - [25/Feb/2026:00:25:36 +0330] "GET /dropdown.php HTTP/1.1" 404 11585 "-" "Mozilla/5.0 (Windows NT 10.0; Win64; x64) AppleWebKit/537.36 (KHTML, like Gecko) Chrome/120.0.0.0 Safari/537.36"
136.234.237.200 - - [25/Feb/2026:00:25:36 +0330] "GET /wp-json/wp/v2/users HTTP/1.1" 200 343 "https://www.google.com" "Mozilla/5.0 (X11; Linux x86_64) AppleWebKit/537.36 (KHTML, like Gecko) Chrome/119.0.0.0 Safari/537.36"
170.168.178.157 - - [25/Feb/2026:00:25:36 +0330] "GET /wp-login.php?redirect_to=https%3A%2F%2Faxonvira.com%2Fwp-admin%2F&reauth=1 HTTP/1.1" 200 1805 "https://axonvira.com/wp-login.php" "Mozilla/5.0 (X11; Linux x86_64) AppleWebKit/537.36 (KHTML, like Gecko) Chrome/119.0.0.0 Safari/537.36"
40.80.89.74 - - [25/Feb/2026:00:25:36 +0330] "GET /colors.php HTTP/1.1" 404 11585 "-" "Mozilla/5.0 (Windows NT 10.0; Win64; x64) AppleWebKit/537.36 (KHTML, like Gecko) Chrome/120.0.0.0 Safari/537.36"
136.234.237.200 - - [25/Feb/2026:00:25:37 +0330] "GET /?author=1 HTTP/1.1" 301 0 "https://www.google.com" "Mozilla/5.0 (X11; Linux x86_64) AppleWebKit/537.36 (KHTML, like Gecko) Chrome/119.0.0.0 Safari/537.36"
40.80.89.74 - - [25/Feb/2026:00:25:37 +0330] "GET /updates.php HTTP/1.1" 404 11585 "-" "Mozilla/5.0 (Windows NT 10.0; Win64; x64) AppleWebKit/537.36 (KHTML, like Gecko) Chrome/120.0.0.0 Safari/537.36"
136.234.237.200 - - [25/Feb/2026:00:25:37 +0330] "POST /xmlrpc.php HTTP/1.1" 200 139 "-" "Apache-HttpClient/4.5.13 (Java/11.0.30)"
45.199.241.144 - - [25/Feb/2026:00:25:06 +0330] "POST /wp-login.php HTTP/1.1" 200 2225 "https://axonvira.com/wp-login.php" "Mozilla/5.0 (X11; Linux x86_64) AppleWebKit/537.36 (KHTML, like Gecko) Chrome/119.0.0.0 Safari/537.36"
45.199.241.144 - - [25/Feb/2026:00:25:07 +0330] "GET /wp-admin/ HTTP/1.1" 302 0 "https://axonvira.com/wp-login.php" "Mozilla/5.0 (X11; Linux x86_64) AppleWebKit/537.36 (KHTML, like Gecko) Chrome/119.0.0.0 Safari/537.36"
45.152.214.203 - - [25/Feb/2026:00:25:08 +0330] "GET /wp-login.php HTTP/1.1" 200 1805 "https://www.google.com" "Mozilla/5.0 (X11; Linux x86_64) AppleWebKit/537.36 (KHTML, like Gecko) Chrome/119.0.0.0 Safari/537.36"
45.152.214.203 - - [25/Feb/2026:00:25:09 +0330] "POST /wp-login.php HTTP/1.1" 200 2225 "https://axonvira.com/wp-login.php" "Mozilla/5.0 (X11; Linux x86_64) AppleWebKit/537.36 (KHTML, like Gecko) Chrome/119.0.0.0 Safari/537.36"
45.152.214.203 - - [25/Feb/2026:00:25:10 +0330] "GET /wp-login.php?redirect_to=https%3A%2F%2Faxonvira.com%2Fwp-admin%2F&reauth=1 HTTP/1.1" 200 1805 "https://axonvira.com/wp-login.php" "Mozilla/5.0 (X11; Linux x86_64) AppleWebKit/537.36 (KHTML, like Gecko) Chrome/119.0.0.0 Safari/537.36"
154.194.81.171 - - [25/Feb/2026:00:25:12 +0330] "GET /wp-admin/ HTTP/1.1" 302 0 "https://axonvira.com/wp-login.php" "Mozilla/5.0 (X11; Linux x86_64) AppleWebKit/537.36 (KHTML, like Gecko) Chrome/119.0.0.0 Safari/537.36"
154.194.81.171 - - [25/Feb/2026:00:25:12 +0330] "GET /wp-login.php?redirect_to=https%3A%2F%2Faxonvira.com%2Fwp-admin%2F&reauth=1 HTTP/1.1" 200 1805 "https://axonvira.com/wp-login.php" "Mozilla/5.0 (X11; Linux x86_64) AppleWebKit/537.36 (KHTML, like Gecko) Chrome/119.0.0.0 Safari/537.36"
146.19.31.88 - - [25/Feb/2026:00:25:17 +0330] "GET /wp-json/wp/v2/users HTTP/1.1" 200 343 "https://www.google.com" "Mozilla/5.0 (X11; Linux x86_64) AppleWebKit/537.36 (KHTML, like Gecko) Chrome/119.0.0.0 Safari/537.36"
146.19.31.88 - - [25/Feb/2026:00:25:18 +0330] "POST /xmlrpc.php HTTP/1.1" 200 210 "-" "Apache-HttpClient/4.5.13 (Java/11.0.30)"
146.19.31.88 - - [25/Feb/2026:00:25:21 +0330] "POST /xmlrpc.php HTTP/1.1" 200 210 "-" "Apache-HttpClient/4.5.13 (Java/11.0.30)"
45.91.161.165 - - [25/Feb/2026:00:25:27 +0330] "GET /wp-login.php HTTP/1.1" 200 1805 "https://www.google.com" "Mozilla/5.0 (X11; Linux x86_64) AppleWebKit/537.36 (KHTML, like Gecko) Chrome/119.0.0.0 Safari/537.36"
45.91.161.165 - - [25/Feb/2026:00:25:28 +0330] "GET /wp-admin/ HTTP/1.1" 302 0 "https://axonvira.com/wp-login.php" "Mozilla/5.0 (X11; Linux x86_64) AppleWebKit/537.36 (KHTML, like Gecko) Chrome/119.0.0.0 Safari/537.36"
45.91.161.165 - - [25/Feb/2026:00:25:28 +0330] "GET /wp-login.php?redirect_to=https%3A%2F%2Faxonvira.com%2Fwp-admin%2F&reauth=1 HTTP/1.1" 200 1805 "https://axonvira.com/wp-login.php" "Mozilla/5.0 (X11; Linux x86_64) AppleWebKit/537.36 (KHTML, like Gecko) Chrome/119.0.0.0 Safari/537.36"
156.233.55.66 - - [25/Feb/2026:00:25:31 +0330] "GET /wp-login.php?redirect_to=https%3A%2F%2Faxonvira.com%2Fwp-admin%2F&reauth=1 HTTP/1.1" 200 1805 "https://axonvira.com/wp-login.php" "Mozilla/5.0 (X11; Linux x86_64) AppleWebKit/537.36 (KHTML, like Gecko) Chrome/119.0.0.0 Safari/537.36"
94.103.190.221 - - [25/Feb/2026:00:25:32 +0330] "POST /wp-login.php HTTP/1.1" 200 2225 "https://axonvira.com/wp-login.php" "Mozilla/5.0 (X11; Linux x86_64) AppleWebKit/537.36 (KHTML, like Gecko) Chrome/119.0.0.0 Safari/537.36"
94.103.190.221 - - [25/Feb/2026:00:25:33 +0330] "GET /wp-admin/ HTTP/1.1" 302 0 "https://axonvira.com/wp-login.php" "Mozilla/5.0 (X11; Linux x86_64) AppleWebKit/537.36 (KHTML, like Gecko) Chrome/119.0.0.0 Safari/537.36"
94.103.190.221 - - [25/Feb/2026:00:25:33 +0330] "GET /wp-login.php?redirect_to=https%3A%2F%2Faxonvira.com%2Fwp-admin%2F&reauth=1 HTTP/1.1" 200 1805 "https://axonvira.com/wp-login.php" "Mozilla/5.0 (X11; Linux x86_64) AppleWebKit/537.36 (KHTML, like Gecko) Chrome/119.0.0.0 Safari/537.36"
136.234.237.200 - - [25/Feb/2026:00:25:39 +0330] "POST /xmlrpc.php HTTP/1.1" 200 210 "-" "Apache-HttpClient/4.5.13 (Java/11.0.30)"
40.80.89.74 - - [25/Feb/2026:00:25:37 +0330] "GET /alfa-rex1.php HTTP/1.1" 404 11585 "-" "Mozilla/5.0 (Windows NT 10.0; Win64; x64) AppleWebKit/537.36 (KHTML, like Gecko) Chrome/120.0.0.0 Safari/537.36"
136.234.237.200 - - [25/Feb/2026:00:25:38 +0330] "POST /xmlrpc.php HTTP/1.1" 200 210 "-" "Apache-HttpClient/4.5.13 (Java/11.0.30)"
40.80.89.74 - - [25/Feb/2026:00:25:38 +0330] "GET /wp-index.php HTTP/1.1" 404 11585 "-" "Mozilla/5.0 (Windows NT 10.0; Win64; x64) AppleWebKit/537.36 (KHTML, like Gecko) Chrome/120.0.0.0 Safari/537.36"
136.234.237.200 - - [25/Feb/2026:00:25:38 +0330] "POST /xmlrpc.php HTTP/1.1" 200 210 "-" "Apache-HttpClient/4.5.13 (Java/11.0.30)"
40.80.89.74 - - [25/Feb/2026:00:25:38 +0330] "GET /wp-admin.php HTTP/1.1" 404 11585 "-" "Mozilla/5.0 (Windows NT 10.0; Win64; x64) AppleWebKit/537.36 (KHTML, like Gecko) Chrome/120.0.0.0 Safari/537.36"
136.234.237.200 - - [25/Feb/2026:00:25:39 +0330] "POST /xmlrpc.php HTTP/1.1" 200 210 "-" "Apache-HttpClient/4.5.13 (Java/11.0.30)"
40.80.89.74 - - [25/Feb/2026:00:25:39 +0330] "GET /alfa.php HTTP/1.1" 404 11585 "-" "Mozilla/5.0 (Windows NT 10.0; Win64; x64) AppleWebKit/537.36 (KHTML, like Gecko) Chrome/120.0.0.0 Safari/537.36"
40.80.89.74 - - [25/Feb/2026:00:25:40 +0330] "GET /locale.php HTTP/1.1" 404 11585 "-" "Mozilla/5.0 (Windows NT 10.0; Win64; x64) AppleWebKit/537.36 (KHTML, like Gecko) Chrome/120.0.0.0 Safari/537.36"
40.80.89.74 - - [25/Feb/2026:00:25:40 +0330] "GET /wxo.php HTTP/1.1" 404 11585 "-" "Mozilla/5.0 (Windows NT 10.0; Win64; x64) AppleWebKit/537.36 (KHTML, like Gecko) Chrome/120.0.0.0 Safari/537.36"
154.221.57.59 - - [25/Feb/2026:00:25:41 +0330] "POST /wp-login.php HTTP/1.1" 200 2183 "https://axonvira.com/wp-login.php" "Mozilla/5.0 (X11; Linux x86_64) AppleWebKit/537.36 (KHTML, like Gecko) Chrome/119.0.0.0 Safari/537.36"
40.80.89.74 - - [25/Feb/2026:00:25:41 +0330] "GET /colour.php HTTP/1.1" 404 11585 "-" "Mozilla/5.0 (Windows NT 10.0; Win64; x64) AppleWebKit/537.36 (KHTML, like Gecko) Chrome/120.0.0.0 Safari/537.36"
154.221.57.59 - - [25/Feb/2026:00:25:42 +0330] "GET /wp-login.php?redirect_to=https%3A%2F%2Faxonvira.com%2Fwp-admin%2F&reauth=1 HTTP/1.1" 200 1805 "https://axonvira.com/wp-login.php" "Mozilla/5.0 (X11; Linux x86_64) AppleWebKit/537.36 (KHTML, like Gecko) Chrome/119.0.0.0 Safari/537.36"
40.80.89.74 - - [25/Feb/2026:00:25:42 +0330] "GET /files.php HTTP/1.1" 404 11585 "-" "Mozilla/5.0 (Windows NT 10.0; Win64; x64) AppleWebKit/537.36 (KHTML, like Gecko) Chrome/120.0.0.0 Safari/537.36"
40.80.89.74 - - [25/Feb/2026:00:25:42 +0330] "GET /install.php HTTP/1.1" 404 11585 "-" "Mozilla/5.0 (Windows NT 10.0; Win64; x64) AppleWebKit/537.36 (KHTML, like Gecko) Chrome/120.0.0.0 Safari/537.36"
40.80.89.74 - - [25/Feb/2026:00:25:43 +0330] "GET /wp-contentt.php HTTP/1.1" 404 11585 "-" "Mozilla/5.0 (Windows NT 10.0; Win64; x64) AppleWebKit/537.36 (KHTML, like Gecko) Chrome/120.0.0.0 Safari/537.36"
40.80.89.74 - - [25/Feb/2026:00:25:43 +0330] "GET /config.php HTTP/1.1" 404 11585 "-" "Mozilla/5.0 (Windows NT 10.0; Win64; x64) AppleWebKit/537.36 (KHTML, like Gecko) Chrome/120.0.0.0 Safari/537.36"
157.22.22.148 - - [25/Feb/2026:00:25:44 +0330] "POST /wp-login.php HTTP/1.1" 200 2225 "https://axonvira.com/wp-login.php" "Mozilla/5.0 (X11; Linux x86_64) AppleWebKit/537.36 (KHTML, like Gecko) Chrome/119.0.0.0 Safari/537.36"
40.80.89.74 - - [25/Feb/2026:00:25:44 +0330] "GET /theme.php HTTP/1.1" 404 11585 "-" "Mozilla/5.0 (Windows NT 10.0; Win64; x64) AppleWebKit/537.36 (KHTML, like Gecko) Chrome/120.0.0.0 Safari/537.36"
40.80.89.74 - - [25/Feb/2026:00:25:44 +0330] "GET /block-bindings.php HTTP/1.1" 404 11585 "-" "Mozilla/5.0 (Windows NT 10.0; Win64; x64) AppleWebKit/537.36 (KHTML, like Gecko) Chrome/120.0.0.0 Safari/537.36"
157.22.22.148 - - [25/Feb/2026:00:25:45 +0330] "GET /wp-login.php?redirect_to=https%3A%2F%2Faxonvira.com%2Fwp-admin%2F&reauth=1 HTTP/1.1" 200 1805 "https://axonvira.com/wp-login.php" "Mozilla/5.0 (X11; Linux x86_64) AppleWebKit/537.36 (KHTML, like Gecko) Chrome/119.0.0.0 Safari/537.36"
40.80.89.74 - - [25/Feb/2026:00:25:45 +0330] "GET /class_api.php HTTP/1.1" 404 11585 "-" "Mozilla/5.0 (Windows NT 10.0; Win64; x64) AppleWebKit/537.36 (KHTML, like Gecko) Chrome/120.0.0.0 Safari/537.36"
40.80.89.74 - - [25/Feb/2026:00:25:45 +0330] "GET /inputs.php HTTP/1.1" 404 11585 "-" "Mozilla/5.0 (Windows NT 10.0; Win64; x64) AppleWebKit/537.36 (KHTML, like Gecko) Chrome/120.0.0.0 Safari/537.36"
45.199.235.134 - - [25/Feb/2026:00:25:46 +0330] "POST /wp-login.php HTTP/1.1" 200 2225 "https://axonvira.com/wp-login.php" "Mozilla/5.0 (X11; Linux x86_64) AppleWebKit/537.36 (KHTML, like Gecko) Chrome/119.0.0.0 Safari/537.36"
40.80.89.74 - - [25/Feb/2026:00:25:46 +0330] "GET /root.php HTTP/1.1" 404 11585 "-" "Mozilla/5.0 (Windows NT 10.0; Win64; x64) AppleWebKit/537.36 (KHTML, like Gecko) Chrome/120.0.0.0 Safari/537.36"
40.80.89.74 - - [25/Feb/2026:00:25:47 +0330] "GET /menu.php HTTP/1.1" 404 11585 "-" "Mozilla/5.0 (Windows NT 10.0; Win64; x64) AppleWebKit/537.36 (KHTML, like Gecko) Chrome/120.0.0.0 Safari/537.36"
40.80.89.74 - - [25/Feb/2026:00:25:47 +0330] "GET /plugin.php HTTP/1.1" 404 11585 "-" "Mozilla/5.0 (Windows NT 10.0; Win64; x64) AppleWebKit/537.36 (KHTML, like Gecko) Chrome/120.0.0.0 Safari/537.36"
40.80.89.74 - - [25/Feb/2026:00:25:48 +0330] "GET /cloud.php HTTP/1.1" 404 11585 "-" "Mozilla/5.0 (Windows NT 10.0; Win64; x64) AppleWebKit/537.36 (KHTML, like Gecko) Chrome/120.0.0.0 Safari/537.36"
40.80.89.74 - - [25/Feb/2026:00:25:48 +0330] "GET /configs.php HTTP/1.1" 404 11585 "-" "Mozilla/5.0 (Windows NT 10.0; Win64; x64) AppleWebKit/537.36 (KHTML, like Gecko) Chrome/120.0.0.0 Safari/537.36"
156.239.154.118 - - [25/Feb/2026:00:25:49 +0330] "POST /wp-login.php HTTP/1.1" 200 2183 "https://axonvira.com/wp-login.php" "Mozilla/5.0 (X11; Linux x86_64) AppleWebKit/537.36 (KHTML, like Gecko) Chrome/119.0.0.0 Safari/537.36"
40.80.89.74 - - [25/Feb/2026:00:25:49 +0330] "GET /wp-configs.php HTTP/1.1" 404 11585 "-" "Mozilla/5.0 (Windows NT 10.0; Win64; x64) AppleWebKit/537.36 (KHTML, like Gecko) Chrome/120.0.0.0 Safari/537.36"
40.80.89.74 - - [25/Feb/2026:00:25:49 +0330] "GET /update.php HTTP/1.1" 404 11585 "-" "Mozilla/5.0 (Windows NT 10.0; Win64; x64) AppleWebKit/537.36 (KHTML, like Gecko) Chrome/120.0.0.0 Safari/537.36"
156.239.154.118 - - [25/Feb/2026:00:25:49 +0330] "GET /wp-admin/ HTTP/1.1" 302 0 "https://axonvira.com/wp-login.php" "Mozilla/5.0 (X11; Linux x86_64) AppleWebKit/537.36 (KHTML, like Gecko) Chrome/119.0.0.0 Safari/537.36"
40.80.89.74 - - [25/Feb/2026:00:25:50 +0330] "GET /2.php HTTP/1.1" 404 11585 "-" "Mozilla/5.0 (Windows NT 10.0; Win64; x64) AppleWebKit/537.36 (KHTML, like Gecko) Chrome/120.0.0.0 Safari/537.36"
40.80.89.74 - - [25/Feb/2026:00:25:50 +0330] "GET /input.php HTTP/1.1" 404 11585 "-" "Mozilla/5.0 (Windows NT 10.0; Win64; x64) AppleWebKit/537.36 (KHTML, like Gecko) Chrome/120.0.0.0 Safari/537.36"
193.8.171.93 - - [25/Feb/2026:00:25:56 +0330] "GET /wp-json/wp/v2/users HTTP/1.1" 200 343 "https://www.google.com" "Mozilla/5.0 (X11; Linux x86_64) AppleWebKit/537.36 (KHTML, like Gecko) Chrome/119.0.0.0 Safari/537.36"
193.8.171.93 - - [25/Feb/2026:00:25:57 +0330] "GET /?author=1 HTTP/1.1" 301 0 "https://www.google.com" "Mozilla/5.0 (X11; Linux x86_64) AppleWebKit/537.36 (KHTML, like Gecko) Chrome/119.0.0.0 Safari/537.36"
193.8.171.93 - - [25/Feb/2026:00:25:57 +0330] "POST /xmlrpc.php HTTP/1.1" 200 139 "-" "Apache-HttpClient/4.5.13 (Java/11.0.30)"
193.8.171.93 - - [25/Feb/2026:00:25:59 +0330] "POST /xmlrpc.php HTTP/1.1" 200 210 "-" "Apache-HttpClient/4.5.13 (Java/11.0.30)"
193.8.171.93 - - [25/Feb/2026:00:26:00 +0330] "POST /xmlrpc.php HTTP/1.1" 200 210 "-" "Apache-HttpClient/4.5.13 (Java/11.0.30)"
193.8.171.93 - - [25/Feb/2026:00:26:01 +0330] "POST /xmlrpc.php HTTP/1.1" 200 210 "-" "Apache-HttpClient/4.5.13 (Java/11.0.30)"
193.8.171.93 - - [25/Feb/2026:00:26:02 +0330] "GET /wp-login.php HTTP/1.1" 200 1805 "https://www.google.com" "Mozilla/5.0 (X11; Linux x86_64) AppleWebKit/537.36 (KHTML, like Gecko) Chrome/119.0.0.0 Safari/537.36"
136.234.237.200 - - [25/Feb/2026:00:25:40 +0330] "GET /wp-login.php HTTP/1.1" 200 1805 "https://www.google.com" "Mozilla/5.0 (X11; Linux x86_64) AppleWebKit/537.36 (KHTML, like Gecko) Chrome/119.0.0.0 Safari/537.36"
154.221.57.59 - - [25/Feb/2026:00:25:40 +0330] "GET /wp-login.php HTTP/1.1" 200 1805 "https://www.google.com" "Mozilla/5.0 (X11; Linux x86_64) AppleWebKit/537.36 (KHTML, like Gecko) Chrome/119.0.0.0 Safari/537.36"
154.221.57.59 - - [25/Feb/2026:00:25:41 +0330] "GET /wp-admin/ HTTP/1.1" 302 0 "https://axonvira.com/wp-login.php" "Mozilla/5.0 (X11; Linux x86_64) AppleWebKit/537.36 (KHTML, like Gecko) Chrome/119.0.0.0 Safari/537.36"
157.22.22.148 - - [25/Feb/2026:00:25:42 +0330] "GET /wp-login.php HTTP/1.1" 200 1805 "https://www.google.com" "Mozilla/5.0 (X11; Linux x86_64) AppleWebKit/537.36 (KHTML, like Gecko) Chrome/119.0.0.0 Safari/537.36"
157.22.22.148 - - [25/Feb/2026:00:25:44 +0330] "GET /wp-admin/ HTTP/1.1" 302 0 "https://axonvira.com/wp-login.php" "Mozilla/5.0 (X11; Linux x86_64) AppleWebKit/537.36 (KHTML, like Gecko) Chrome/119.0.0.0 Safari/537.36"
45.199.235.134 - - [25/Feb/2026:00:25:45 +0330] "GET /wp-login.php HTTP/1.1" 200 1805 "https://www.google.com" "Mozilla/5.0 (X11; Linux x86_64) AppleWebKit/537.36 (KHTML, like Gecko) Chrome/119.0.0.0 Safari/537.36"
45.199.235.134 - - [25/Feb/2026:00:25:46 +0330] "GET /wp-admin/ HTTP/1.1" 302 0 "https://axonvira.com/wp-login.php" "Mozilla/5.0 (X11; Linux x86_64) AppleWebKit/537.36 (KHTML, like Gecko) Chrome/119.0.0.0 Safari/537.36"
45.199.235.134 - - [25/Feb/2026:00:25:47 +0330] "GET /wp-login.php?redirect_to=https%3A%2F%2Faxonvira.com%2Fwp-admin%2F&reauth=1 HTTP/1.1" 200 1805 "https://axonvira.com/wp-login.php" "Mozilla/5.0 (X11; Linux x86_64) AppleWebKit/537.36 (KHTML, like Gecko) Chrome/119.0.0.0 Safari/537.36"
156.239.154.118 - - [25/Feb/2026:00:25:48 +0330] "GET /wp-login.php HTTP/1.1" 200 1805 "https://www.google.com" "Mozilla/5.0 (X11; Linux x86_64) AppleWebKit/537.36 (KHTML, like Gecko) Chrome/119.0.0.0 Safari/537.36"
193.8.171.93 - - [25/Feb/2026:00:25:59 +0330] "POST /xmlrpc.php HTTP/1.1" 200 210 "-" "Apache-HttpClient/4.5.13 (Java/11.0.30)"
193.5.28.202 - - [25/Feb/2026:00:26:03 +0330] "GET /wp-login.php HTTP/1.1" 200 1805 "https://www.google.com" "Mozilla/5.0 (X11; Linux x86_64) AppleWebKit/537.36 (KHTML, like Gecko) Chrome/119.0.0.0 Safari/537.36"
45.199.243.157 - - [25/Feb/2026:00:26:03 +0330] "POST /wp-login.php HTTP/1.1" 200 2183 "https://axonvira.com/wp-login.php" "Mozilla/5.0 (X11; Linux x86_64) AppleWebKit/537.36 (KHTML, like Gecko) Chrome/119.0.0.0 Safari/537.36"
193.5.28.202 - - [25/Feb/2026:00:26:03 +0330] "POST /wp-login.php HTTP/1.1" 200 2183 "https://axonvira.com/wp-login.php" "Mozilla/5.0 (X11; Linux x86_64) AppleWebKit/537.36 (KHTML, like Gecko) Chrome/119.0.0.0 Safari/537.36"
45.199.243.157 - - [25/Feb/2026:00:26:04 +0330] "GET /wp-login.php?redirect_to=https%3A%2F%2Faxonvira.com%2Fwp-admin%2F&reauth=1 HTTP/1.1" 200 1805 "https://axonvira.com/wp-login.php" "Mozilla/5.0 (X11; Linux x86_64) AppleWebKit/537.36 (KHTML, like Gecko) Chrome/119.0.0.0 Safari/537.36"
155.212.71.232 - - [25/Feb/2026:00:26:06 +0330] "GET /wp-login.php HTTP/1.1" 200 1805 "https://www.google.com" "Mozilla/5.0 (X11; Linux x86_64) AppleWebKit/537.36 (KHTML, like Gecko) Chrome/119.0.0.0 Safari/537.36"
155.212.71.232 - - [25/Feb/2026:00:26:06 +0330] "POST /wp-login.php HTTP/1.1" 200 2225 "https://axonvira.com/wp-login.php" "Mozilla/5.0 (X11; Linux x86_64) AppleWebKit/537.36 (KHTML, like Gecko) Chrome/119.0.0.0 Safari/537.36"
155.212.71.232 - - [25/Feb/2026:00:26:07 +0330] "GET /wp-admin/ HTTP/1.1" 302 0 "https://axonvira.com/wp-login.php" "Mozilla/5.0 (X11; Linux x86_64) AppleWebKit/537.36 (KHTML, like Gecko) Chrome/119.0.0.0 Safari/537.36"
155.212.71.232 - - [25/Feb/2026:00:26:07 +0330] "GET /wp-login.php?redirect_to=https%3A%2F%2Faxonvira.com%2Fwp-admin%2F&reauth=1 HTTP/1.1" 200 1805 "https://axonvira.com/wp-login.php" "Mozilla/5.0 (X11; Linux x86_64) AppleWebKit/537.36 (KHTML, like Gecko) Chrome/119.0.0.0 Safari/537.36"
45.199.243.157 - - [25/Feb/2026:00:26:03 +0330] "GET /wp-login.php HTTP/1.1" 200 1805 "https://www.google.com" "Mozilla/5.0 (X11; Linux x86_64) AppleWebKit/537.36 (KHTML, like Gecko) Chrome/119.0.0.0 Safari/537.36"
45.199.243.157 - - [25/Feb/2026:00:26:03 +0330] "GET /wp-admin/ HTTP/1.1" 302 0 "https://axonvira.com/wp-login.php" "Mozilla/5.0 (X11; Linux x86_64) AppleWebKit/537.36 (KHTML, like Gecko) Chrome/119.0.0.0 Safari/537.36"
193.5.28.202 - - [25/Feb/2026:00:26:04 +0330] "GET /wp-admin/ HTTP/1.1" 302 0 "https://axonvira.com/wp-login.php" "Mozilla/5.0 (X11; Linux x86_64) AppleWebKit/537.36 (KHTML, like Gecko) Chrome/119.0.0.0 Safari/537.36"
193.5.28.202 - - [25/Feb/2026:00:26:05 +0330] "GET /wp-login.php?redirect_to=https%3A%2F%2Faxonvira.com%2Fwp-admin%2F&reauth=1 HTTP/1.1" 200 1805 "https://axonvira.com/wp-login.php" "Mozilla/5.0 (X11; Linux x86_64) AppleWebKit/537.36 (KHTML, like Gecko) Chrome/119.0.0.0 Safari/537.36"
45.199.231.138 - - [25/Feb/2026:00:26:08 +0330] "GET /wp-login.php HTTP/1.1" 200 1805 "https://www.google.com" "Mozilla/5.0 (X11; Linux x86_64) AppleWebKit/537.36 (KHTML, like Gecko) Chrome/119.0.0.0 Safari/537.36"
45.199.231.138 - - [25/Feb/2026:00:26:10 +0330] "GET /wp-login.php?redirect_to=https%3A%2F%2Faxonvira.com%2Fwp-admin%2F&reauth=1 HTTP/1.1" 200 1805 "https://axonvira.com/wp-login.php" "Mozilla/5.0 (X11; Linux x86_64) AppleWebKit/537.36 (KHTML, like Gecko) Chrome/119.0.0.0 Safari/537.36"
156.233.62.246 - - [25/Feb/2026:00:26:11 +0330] "GET /wp-login.php HTTP/1.1" 200 1805 "https://www.google.com" "Mozilla/5.0 (X11; Linux x86_64) AppleWebKit/537.36 (KHTML, like Gecko) Chrome/119.0.0.0 Safari/537.36"
156.233.62.246 - - [25/Feb/2026:00:26:12 +0330] "GET /wp-admin/ HTTP/1.1" 302 0 "https://axonvira.com/wp-login.php" "Mozilla/5.0 (X11; Linux x86_64) AppleWebKit/537.36 (KHTML, like Gecko) Chrome/119.0.0.0 Safari/537.36"
156.233.62.246 - - [25/Feb/2026:00:26:13 +0330] "GET /wp-login.php?redirect_to=https%3A%2F%2Faxonvira.com%2Fwp-admin%2F&reauth=1 HTTP/1.1" 200 1805 "https://axonvira.com/wp-login.php" "Mozilla/5.0 (X11; Linux x86_64) AppleWebKit/537.36 (KHTML, like Gecko) Chrome/119.0.0.0 Safari/537.36"
130.49.80.107 - - [25/Feb/2026:00:26:14 +0330] "GET /wp-json/wp/v2/users HTTP/1.1" 200 343 "https://www.google.com" "Mozilla/5.0 (X11; Linux x86_64) AppleWebKit/537.36 (KHTML, like Gecko) Chrome/119.0.0.0 Safari/537.36"
130.49.80.107 - - [25/Feb/2026:00:26:16 +0330] "POST /xmlrpc.php HTTP/1.1" 200 139 "-" "Apache-HttpClient/4.5.13 (Java/11.0.30)"
130.49.80.107 - - [25/Feb/2026:00:26:18 +0330] "POST /xmlrpc.php HTTP/1.1" 200 210 "-" "Apache-HttpClient/4.5.13 (Java/11.0.30)"
154.196.42.203 - - [25/Feb/2026:00:26:20 +0330] "POST /wp-login.php HTTP/1.1" 200 2183 "https://axonvira.com/wp-login.php" "Mozilla/5.0 (X11; Linux x86_64) AppleWebKit/537.36 (KHTML, like Gecko) Chrome/119.0.0.0 Safari/537.36"
154.196.42.203 - - [25/Feb/2026:00:26:21 +0330] "GET /wp-admin/ HTTP/1.1" 302 0 "https://axonvira.com/wp-login.php" "Mozilla/5.0 (X11; Linux x86_64) AppleWebKit/537.36 (KHTML, like Gecko) Chrome/119.0.0.0 Safari/537.36"
154.196.42.203 - - [25/Feb/2026:00:26:21 +0330] "GET /wp-login.php?redirect_to=https%3A%2F%2Faxonvira.com%2Fwp-admin%2F&reauth=1 HTTP/1.1" 200 1805 "https://axonvira.com/wp-login.php" "Mozilla/5.0 (X11; Linux x86_64) AppleWebKit/537.36 (KHTML, like Gecko) Chrome/119.0.0.0 Safari/537.36"
85.202.166.223 - - [25/Feb/2026:00:26:22 +0330] "POST /wp-login.php HTTP/1.1" 200 2225 "https://axonvira.com/wp-login.php" "Mozilla/5.0 (X11; Linux x86_64) AppleWebKit/537.36 (KHTML, like Gecko) Chrome/119.0.0.0 Safari/537.36"
85.202.166.223 - - [25/Feb/2026:00:26:23 +0330] "GET /wp-admin/ HTTP/1.1" 302 0 "https://axonvira.com/wp-login.php" "Mozilla/5.0 (X11; Linux x86_64) AppleWebKit/537.36 (KHTML, like Gecko) Chrome/119.0.0.0 Safari/537.36"
135.106.127.6 - - [25/Feb/2026:00:26:24 +0330] "GET /wp-login.php HTTP/1.1" 200 1805 "https://www.google.com" "Mozilla/5.0 (X11; Linux x86_64) AppleWebKit/537.36 (KHTML, like Gecko) Chrome/119.0.0.0 Safari/537.36"
45.199.231.138 - - [25/Feb/2026:00:26:09 +0330] "POST /wp-login.php HTTP/1.1" 200 2225 "https://axonvira.com/wp-login.php" "Mozilla/5.0 (X11; Linux x86_64) AppleWebKit/537.36 (KHTML, like Gecko) Chrome/119.0.0.0 Safari/537.36"
45.199.231.138 - - [25/Feb/2026:00:26:09 +0330] "GET /wp-admin/ HTTP/1.1" 302 0 "https://axonvira.com/wp-login.php" "Mozilla/5.0 (X11; Linux x86_64) AppleWebKit/537.36 (KHTML, like Gecko) Chrome/119.0.0.0 Safari/537.36"
156.233.62.246 - - [25/Feb/2026:00:26:12 +0330] "POST /wp-login.php HTTP/1.1" 200 2183 "https://axonvira.com/wp-login.php" "Mozilla/5.0 (X11; Linux x86_64) AppleWebKit/537.36 (KHTML, like Gecko) Chrome/119.0.0.0 Safari/537.36"
130.49.80.107 - - [25/Feb/2026:00:26:15 +0330] "GET /?author=1 HTTP/1.1" 301 0 "https://www.google.com" "Mozilla/5.0 (X11; Linux x86_64) AppleWebKit/537.36 (KHTML, like Gecko) Chrome/119.0.0.0 Safari/537.36"
130.49.80.107 - - [25/Feb/2026:00:26:17 +0330] "POST /xmlrpc.php HTTP/1.1" 200 210 "-" "Apache-HttpClient/4.5.13 (Java/11.0.30)"
130.49.80.107 - - [25/Feb/2026:00:26:18 +0330] "POST /xmlrpc.php HTTP/1.1" 200 210 "-" "Apache-HttpClient/4.5.13 (Java/11.0.30)"
130.49.80.107 - - [25/Feb/2026:00:26:19 +0330] "POST /xmlrpc.php HTTP/1.1" 200 210 "-" "Apache-HttpClient/4.5.13 (Java/11.0.30)"
130.49.80.107 - - [25/Feb/2026:00:26:20 +0330] "GET /wp-login.php HTTP/1.1" 200 1805 "https://www.google.com" "Mozilla/5.0 (X11; Linux x86_64) AppleWebKit/537.36 (KHTML, like Gecko) Chrome/119.0.0.0 Safari/537.36"
154.196.42.203 - - [25/Feb/2026:00:26:20 +0330] "GET /wp-login.php HTTP/1.1" 200 1805 "https://www.google.com" "Mozilla/5.0 (X11; Linux x86_64) AppleWebKit/537.36 (KHTML, like Gecko) Chrome/119.0.0.0 Safari/537.36"
85.202.166.223 - - [25/Feb/2026:00:26:22 +0330] "GET /wp-login.php HTTP/1.1" 200 1805 "https://www.google.com" "Mozilla/5.0 (X11; Linux x86_64) AppleWebKit/537.36 (KHTML, like Gecko) Chrome/119.0.0.0 Safari/537.36"
