156.233.46.48 - - [25/Feb/2026:01:19:02 +0330] "POST /wp-login.php HTTP/1.1" 200 2183 "https://axonvira.com/wp-login.php" "Mozilla/5.0 (X11; Linux x86_64) AppleWebKit/537.36 (KHTML, like Gecko) Chrome/119.0.0.0 Safari/537.36"
156.233.46.48 - - [25/Feb/2026:01:19:02 +0330] "GET /wp-admin/ HTTP/1.1" 302 0 "https://axonvira.com/wp-login.php" "Mozilla/5.0 (X11; Linux x86_64) AppleWebKit/537.36 (KHTML, like Gecko) Chrome/119.0.0.0 Safari/537.36"
156.233.46.48 - - [25/Feb/2026:01:19:03 +0330] "GET /wp-login.php?redirect_to=https%3A%2F%2Faxonvira.com%2Fwp-admin%2F&reauth=1 HTTP/1.1" 200 1805 "https://axonvira.com/wp-login.php" "Mozilla/5.0 (X11; Linux x86_64) AppleWebKit/537.36 (KHTML, like Gecko) Chrome/119.0.0.0 Safari/537.36"
170.168.170.249 - - [25/Feb/2026:01:19:05 +0330] "POST /xmlrpc.php HTTP/1.1" 200 210 "-" "Apache-HttpClient/4.5.13 (Java/11.0.30)"
87.236.150.6 - - [25/Feb/2026:01:19:07 +0330] "GET /wp-login.php HTTP/1.1" 200 1805 "https://www.google.com" "Mozilla/5.0 (X11; Linux x86_64) AppleWebKit/537.36 (KHTML, like Gecko) Chrome/119.0.0.0 Safari/537.36"
87.236.150.6 - - [25/Feb/2026:01:19:07 +0330] "POST /wp-login.php HTTP/1.1" 200 2183 "https://axonvira.com/wp-login.php" "Mozilla/5.0 (X11; Linux x86_64) AppleWebKit/537.36 (KHTML, like Gecko) Chrome/119.0.0.0 Safari/537.36"
87.236.150.6 - - [25/Feb/2026:01:19:09 +0330] "GET /wp-login.php?redirect_to=https%3A%2F%2Faxonvira.com%2Fwp-admin%2F&reauth=1 HTTP/1.1" 200 1805 "https://axonvira.com/wp-login.php" "Mozilla/5.0 (X11; Linux x86_64) AppleWebKit/537.36 (KHTML, like Gecko) Chrome/119.0.0.0 Safari/537.36"
154.194.79.136 - - [25/Feb/2026:01:19:10 +0330] "GET /wp-login.php HTTP/1.1" 200 1805 "https://www.google.com" "Mozilla/5.0 (X11; Linux x86_64) AppleWebKit/537.36 (KHTML, like Gecko) Chrome/119.0.0.0 Safari/537.36"
154.194.79.136 - - [25/Feb/2026:01:19:10 +0330] "POST /wp-login.php HTTP/1.1" 200 2225 "https://axonvira.com/wp-login.php" "Mozilla/5.0 (X11; Linux x86_64) AppleWebKit/537.36 (KHTML, like Gecko) Chrome/119.0.0.0 Safari/537.36"
154.194.79.136 - - [25/Feb/2026:01:19:10 +0330] "GET /wp-admin/ HTTP/1.1" 302 0 "https://axonvira.com/wp-login.php" "Mozilla/5.0 (X11; Linux x86_64) AppleWebKit/537.36 (KHTML, like Gecko) Chrome/119.0.0.0 Safari/537.36"
154.194.79.136 - - [25/Feb/2026:01:19:11 +0330] "GET /wp-login.php?redirect_to=https%3A%2F%2Faxonvira.com%2Fwp-admin%2F&reauth=1 HTTP/1.1" 200 1805 "https://axonvira.com/wp-login.php" "Mozilla/5.0 (X11; Linux x86_64) AppleWebKit/537.36 (KHTML, like Gecko) Chrome/119.0.0.0 Safari/537.36"
185.232.19.226 - - [25/Feb/2026:01:19:12 +0330] "GET /wp-login.php HTTP/1.1" 200 1805 "https://www.google.com" "Mozilla/5.0 (X11; Linux x86_64) AppleWebKit/537.36 (KHTML, like Gecko) Chrome/119.0.0.0 Safari/537.36"
45.199.238.158 - - [25/Feb/2026:01:18:52 +0330] "POST /wp-login.php HTTP/1.1" 200 2225 "https://axonvira.com/wp-login.php" "Mozilla/5.0 (X11; Linux x86_64) AppleWebKit/537.36 (KHTML, like Gecko) Chrome/119.0.0.0 Safari/537.36"
5.42.218.49 - - [25/Feb/2026:01:18:55 +0330] "GET /wp-login.php HTTP/1.1" 200 1805 "https://www.google.com" "Mozilla/5.0 (X11; Linux x86_64) AppleWebKit/537.36 (KHTML, like Gecko) Chrome/119.0.0.0 Safari/537.36"
170.168.170.249 - - [25/Feb/2026:01:19:02 +0330] "GET /wp-json/wp/v2/users HTTP/1.1" 200 343 "https://www.google.com" "Mozilla/5.0 (X11; Linux x86_64) AppleWebKit/537.36 (KHTML, like Gecko) Chrome/119.0.0.0 Safari/537.36"
170.168.170.249 - - [25/Feb/2026:01:19:02 +0330] "GET /?author=1 HTTP/1.1" 301 0 "https://www.google.com" "Mozilla/5.0 (X11; Linux x86_64) AppleWebKit/537.36 (KHTML, like Gecko) Chrome/119.0.0.0 Safari/537.36"
170.168.170.249 - - [25/Feb/2026:01:19:03 +0330] "POST /xmlrpc.php HTTP/1.1" 200 139 "-" "Apache-HttpClient/4.5.13 (Java/11.0.30)"
170.168.170.249 - - [25/Feb/2026:01:19:03 +0330] "POST /xmlrpc.php HTTP/1.1" 200 210 "-" "Apache-HttpClient/4.5.13 (Java/11.0.30)"
170.168.170.249 - - [25/Feb/2026:01:19:04 +0330] "POST /xmlrpc.php HTTP/1.1" 200 210 "-" "Apache-HttpClient/4.5.13 (Java/11.0.30)"
170.168.170.249 - - [25/Feb/2026:01:19:05 +0330] "POST /xmlrpc.php HTTP/1.1" 200 210 "-" "Apache-HttpClient/4.5.13 (Java/11.0.30)"
170.168.170.249 - - [25/Feb/2026:01:19:06 +0330] "GET /wp-login.php HTTP/1.1" 200 1805 "https://www.google.com" "Mozilla/5.0 (X11; Linux x86_64) AppleWebKit/537.36 (KHTML, like Gecko) Chrome/119.0.0.0 Safari/537.36"
87.236.150.6 - - [25/Feb/2026:01:19:08 +0330] "GET /wp-admin/ HTTP/1.1" 302 0 "https://axonvira.com/wp-login.php" "Mozilla/5.0 (X11; Linux x86_64) AppleWebKit/537.36 (KHTML, like Gecko) Chrome/119.0.0.0 Safari/537.36"
185.232.19.226 - - [25/Feb/2026:01:19:12 +0330] "POST /wp-login.php HTTP/1.1" 200 2225 "https://axonvira.com/wp-login.php" "Mozilla/5.0 (X11; Linux x86_64) AppleWebKit/537.36 (KHTML, like Gecko) Chrome/119.0.0.0 Safari/537.36"
185.232.19.226 - - [25/Feb/2026:01:19:13 +0330] "GET /wp-admin/ HTTP/1.1" 302 0 "https://axonvira.com/wp-login.php" "Mozilla/5.0 (X11; Linux x86_64) AppleWebKit/537.36 (KHTML, like Gecko) Chrome/119.0.0.0 Safari/537.36"
185.232.19.226 - - [25/Feb/2026:01:19:14 +0330] "GET /wp-login.php?redirect_to=https%3A%2F%2Faxonvira.com%2Fwp-admin%2F&reauth=1 HTTP/1.1" 200 1805 "https://axonvira.com/wp-login.php" "Mozilla/5.0 (X11; Linux x86_64) AppleWebKit/537.36 (KHTML, like Gecko) Chrome/119.0.0.0 Safari/537.36"
194.87.3.22 - - [25/Feb/2026:01:19:15 +0330] "POST /wp-login.php HTTP/1.1" 200 2183 "https://axonvira.com/wp-login.php" "Mozilla/5.0 (X11; Linux x86_64) AppleWebKit/537.36 (KHTML, like Gecko) Chrome/119.0.0.0 Safari/537.36"
157.22.50.74 - - [25/Feb/2026:01:19:20 +0330] "GET /wp-json/wp/v2/users HTTP/1.1" 200 343 "https://www.google.com" "Mozilla/5.0 (X11; Linux x86_64) AppleWebKit/537.36 (KHTML, like Gecko) Chrome/119.0.0.0 Safari/537.36"
157.22.50.74 - - [25/Feb/2026:01:19:22 +0330] "POST /xmlrpc.php HTTP/1.1" 200 210 "-" "Apache-HttpClient/4.5.13 (Java/11.0.30)"
157.22.50.74 - - [25/Feb/2026:01:19:23 +0330] "GET /wp-login.php HTTP/1.1" 200 1805 "https://www.google.com" "Mozilla/5.0 (X11; Linux x86_64) AppleWebKit/537.36 (KHTML, like Gecko) Chrome/119.0.0.0 Safari/537.36"
154.195.0.15 - - [25/Feb/2026:01:19:24 +0330] "GET /wp-login.php HTTP/1.1" 200 1805 "https://www.google.com" "Mozilla/5.0 (X11; Linux x86_64) AppleWebKit/537.36 (KHTML, like Gecko) Chrome/119.0.0.0 Safari/537.36"
154.195.0.15 - - [25/Feb/2026:01:19:24 +0330] "POST /wp-login.php HTTP/1.1" 200 2183 "https://axonvira.com/wp-login.php" "Mozilla/5.0 (X11; Linux x86_64) AppleWebKit/537.36 (KHTML, like Gecko) Chrome/119.0.0.0 Safari/537.36"
136.234.215.158 - - [25/Feb/2026:01:19:25 +0330] "GET /wp-login.php HTTP/1.1" 200 1805 "https://www.google.com" "Mozilla/5.0 (X11; Linux x86_64) AppleWebKit/537.36 (KHTML, like Gecko) Chrome/119.0.0.0 Safari/537.36"
194.87.3.22 - - [25/Feb/2026:01:19:15 +0330] "GET /wp-login.php HTTP/1.1" 200 1805 "https://www.google.com" "Mozilla/5.0 (X11; Linux x86_64) AppleWebKit/537.36 (KHTML, like Gecko) Chrome/119.0.0.0 Safari/537.36"
194.87.3.22 - - [25/Feb/2026:01:19:16 +0330] "GET /wp-admin/ HTTP/1.1" 302 0 "https://axonvira.com/wp-login.php" "Mozilla/5.0 (X11; Linux x86_64) AppleWebKit/537.36 (KHTML, like Gecko) Chrome/119.0.0.0 Safari/537.36"
194.87.3.22 - - [25/Feb/2026:01:19:16 +0330] "GET /wp-login.php?redirect_to=https%3A%2F%2Faxonvira.com%2Fwp-admin%2F&reauth=1 HTTP/1.1" 200 1805 "https://axonvira.com/wp-login.php" "Mozilla/5.0 (X11; Linux x86_64) AppleWebKit/537.36 (KHTML, like Gecko) Chrome/119.0.0.0 Safari/537.36"
157.22.50.74 - - [25/Feb/2026:01:19:20 +0330] "GET /?author=1 HTTP/1.1" 301 0 "https://www.google.com" "Mozilla/5.0 (X11; Linux x86_64) AppleWebKit/537.36 (KHTML, like Gecko) Chrome/119.0.0.0 Safari/537.36"
157.22.50.74 - - [25/Feb/2026:01:19:21 +0330] "POST /xmlrpc.php HTTP/1.1" 200 139 "-" "Apache-HttpClient/4.5.13 (Java/11.0.30)"
157.22.50.74 - - [25/Feb/2026:01:19:21 +0330] "POST /xmlrpc.php HTTP/1.1" 200 210 "-" "Apache-HttpClient/4.5.13 (Java/11.0.30)"
157.22.50.74 - - [25/Feb/2026:01:19:22 +0330] "POST /xmlrpc.php HTTP/1.1" 200 210 "-" "Apache-HttpClient/4.5.13 (Java/11.0.30)"
157.22.50.74 - - [25/Feb/2026:01:19:23 +0330] "POST /xmlrpc.php HTTP/1.1" 200 210 "-" "Apache-HttpClient/4.5.13 (Java/11.0.30)"
154.195.0.15 - - [25/Feb/2026:01:19:25 +0330] "GET /wp-admin/ HTTP/1.1" 302 0 "https://axonvira.com/wp-login.php" "Mozilla/5.0 (X11; Linux x86_64) AppleWebKit/537.36 (KHTML, like Gecko) Chrome/119.0.0.0 Safari/537.36"
154.195.0.15 - - [25/Feb/2026:01:19:25 +0330] "GET /wp-login.php?redirect_to=https%3A%2F%2Faxonvira.com%2Fwp-admin%2F&reauth=1 HTTP/1.1" 200 1805 "https://axonvira.com/wp-login.php" "Mozilla/5.0 (X11; Linux x86_64) AppleWebKit/537.36 (KHTML, like Gecko) Chrome/119.0.0.0 Safari/537.36"
136.234.215.158 - - [25/Feb/2026:01:19:26 +0330] "POST /wp-login.php HTTP/1.1" 200 2225 "https://axonvira.com/wp-login.php" "Mozilla/5.0 (X11; Linux x86_64) AppleWebKit/537.36 (KHTML, like Gecko) Chrome/119.0.0.0 Safari/537.36"
136.234.215.158 - - [25/Feb/2026:01:19:27 +0330] "GET /wp-admin/ HTTP/1.1" 302 0 "https://axonvira.com/wp-login.php" "Mozilla/5.0 (X11; Linux x86_64) AppleWebKit/537.36 (KHTML, like Gecko) Chrome/119.0.0.0 Safari/537.36"
194.104.232.121 - - [25/Feb/2026:01:19:28 +0330] "GET /wp-login.php HTTP/1.1" 200 1805 "https://www.google.com" "Mozilla/5.0 (X11; Linux x86_64) AppleWebKit/537.36 (KHTML, like Gecko) Chrome/119.0.0.0 Safari/537.36"
194.104.232.121 - - [25/Feb/2026:01:19:30 +0330] "GET /wp-login.php?redirect_to=https%3A%2F%2Faxonvira.com%2Fwp-admin%2F&reauth=1 HTTP/1.1" 200 1805 "https://axonvira.com/wp-login.php" "Mozilla/5.0 (X11; Linux x86_64) AppleWebKit/537.36 (KHTML, like Gecko) Chrome/119.0.0.0 Safari/537.36"
45.89.231.79 - - [25/Feb/2026:01:19:34 +0330] "GET /wp-login.php?redirect_to=https%3A%2F%2Faxonvira.com%2Fwp-admin%2F&reauth=1 HTTP/1.1" 200 1805 "https://axonvira.com/wp-login.php" "Mozilla/5.0 (X11; Linux x86_64) AppleWebKit/537.36 (KHTML, like Gecko) Chrome/119.0.0.0 Safari/537.36"
172.120.176.215 - - [25/Feb/2026:01:19:44 +0330] "POST /xmlrpc.php HTTP/1.1" 200 210 "-" "Apache-HttpClient/4.5.13 (Java/11.0.30)"
172.120.176.215 - - [25/Feb/2026:01:19:48 +0330] "GET /wp-login.php HTTP/1.1" 200 1805 "https://www.google.com" "Mozilla/5.0 (X11; Linux x86_64) AppleWebKit/537.36 (KHTML, like Gecko) Chrome/119.0.0.0 Safari/537.36"
154.221.54.14 - - [25/Feb/2026:01:19:49 +0330] "GET /wp-login.php HTTP/1.1" 200 1805 "https://www.google.com" "Mozilla/5.0 (X11; Linux x86_64) AppleWebKit/537.36 (KHTML, like Gecko) Chrome/119.0.0.0 Safari/537.36"
154.221.54.14 - - [25/Feb/2026:01:19:50 +0330] "GET /wp-admin/ HTTP/1.1" 302 0 "https://axonvira.com/wp-login.php" "Mozilla/5.0 (X11; Linux x86_64) AppleWebKit/537.36 (KHTML, like Gecko) Chrome/119.0.0.0 Safari/537.36"
136.234.215.158 - - [25/Feb/2026:01:19:27 +0330] "GET /wp-login.php?redirect_to=https%3A%2F%2Faxonvira.com%2Fwp-admin%2F&reauth=1 HTTP/1.1" 200 1805 "https://axonvira.com/wp-login.php" "Mozilla/5.0 (X11; Linux x86_64) AppleWebKit/537.36 (KHTML, like Gecko) Chrome/119.0.0.0 Safari/537.36"
194.104.232.121 - - [25/Feb/2026:01:19:29 +0330] "POST /wp-login.php HTTP/1.1" 200 2225 "https://axonvira.com/wp-login.php" "Mozilla/5.0 (X11; Linux x86_64) AppleWebKit/537.36 (KHTML, like Gecko) Chrome/119.0.0.0 Safari/537.36"
194.104.232.121 - - [25/Feb/2026:01:19:30 +0330] "GET /wp-admin/ HTTP/1.1" 302 0 "https://axonvira.com/wp-login.php" "Mozilla/5.0 (X11; Linux x86_64) AppleWebKit/537.36 (KHTML, like Gecko) Chrome/119.0.0.0 Safari/537.36"
45.89.231.79 - - [25/Feb/2026:01:19:31 +0330] "GET /wp-login.php HTTP/1.1" 200 1805 "https://www.google.com" "Mozilla/5.0 (X11; Linux x86_64) AppleWebKit/537.36 (KHTML, like Gecko) Chrome/119.0.0.0 Safari/537.36"
45.89.231.79 - - [25/Feb/2026:01:19:32 +0330] "POST /wp-login.php HTTP/1.1" 200 2183 "https://axonvira.com/wp-login.php" "Mozilla/5.0 (X11; Linux x86_64) AppleWebKit/537.36 (KHTML, like Gecko) Chrome/119.0.0.0 Safari/537.36"
45.89.231.79 - - [25/Feb/2026:01:19:33 +0330] "GET /wp-admin/ HTTP/1.1" 302 0 "https://axonvira.com/wp-login.php" "Mozilla/5.0 (X11; Linux x86_64) AppleWebKit/537.36 (KHTML, like Gecko) Chrome/119.0.0.0 Safari/537.36"
172.120.176.215 - - [25/Feb/2026:01:19:38 +0330] "GET /wp-json/wp/v2/users HTTP/1.1" 200 343 "https://www.google.com" "Mozilla/5.0 (X11; Linux x86_64) AppleWebKit/537.36 (KHTML, like Gecko) Chrome/119.0.0.0 Safari/537.36"
172.120.176.215 - - [25/Feb/2026:01:19:39 +0330] "GET /?author=1 HTTP/1.1" 301 0 "https://www.google.com" "Mozilla/5.0 (X11; Linux x86_64) AppleWebKit/537.36 (KHTML, like Gecko) Chrome/119.0.0.0 Safari/537.36"
172.120.176.215 - - [25/Feb/2026:01:19:41 +0330] "POST /xmlrpc.php HTTP/1.1" 200 139 "-" "Apache-HttpClient/4.5.13 (Java/11.0.30)"
172.120.176.215 - - [25/Feb/2026:01:19:43 +0330] "POST /xmlrpc.php HTTP/1.1" 200 210 "-" "Apache-HttpClient/4.5.13 (Java/11.0.30)"
172.120.176.215 - - [25/Feb/2026:01:19:45 +0330] "POST /xmlrpc.php HTTP/1.1" 200 210 "-" "Apache-HttpClient/4.5.13 (Java/11.0.30)"
172.120.176.215 - - [25/Feb/2026:01:19:47 +0330] "POST /xmlrpc.php HTTP/1.1" 200 210 "-" "Apache-HttpClient/4.5.13 (Java/11.0.30)"
154.221.54.14 - - [25/Feb/2026:01:19:49 +0330] "POST /wp-login.php HTTP/1.1" 200 2183 "https://axonvira.com/wp-login.php" "Mozilla/5.0 (X11; Linux x86_64) AppleWebKit/537.36 (KHTML, like Gecko) Chrome/119.0.0.0 Safari/537.36"
154.221.54.14 - - [25/Feb/2026:01:19:50 +0330] "GET /wp-login.php?redirect_to=https%3A%2F%2Faxonvira.com%2Fwp-admin%2F&reauth=1 HTTP/1.1" 200 1805 "https://axonvira.com/wp-login.php" "Mozilla/5.0 (X11; Linux x86_64) AppleWebKit/537.36 (KHTML, like Gecko) Chrome/119.0.0.0 Safari/537.36"
156.239.21.146 - - [25/Feb/2026:01:19:54 +0330] "GET /wp-admin/ HTTP/1.1" 302 0 "https://axonvira.com/wp-login.php" "Mozilla/5.0 (X11; Linux x86_64) AppleWebKit/537.36 (KHTML, like Gecko) Chrome/119.0.0.0 Safari/537.36"
138.249.96.16 - - [25/Feb/2026:01:19:55 +0330] "GET /?author=1 HTTP/1.1" 301 0 "https://www.google.com" "Mozilla/5.0 (X11; Linux x86_64) AppleWebKit/537.36 (KHTML, like Gecko) Chrome/119.0.0.0 Safari/537.36"
138.249.96.16 - - [25/Feb/2026:01:19:58 +0330] "POST /xmlrpc.php HTTP/1.1" 200 210 "-" "Apache-HttpClient/4.5.13 (Java/11.0.30)"
138.249.96.16 - - [25/Feb/2026:01:20:00 +0330] "GET /wp-login.php HTTP/1.1" 200 1805 "https://www.google.com" "Mozilla/5.0 (X11; Linux x86_64) AppleWebKit/537.36 (KHTML, like Gecko) Chrome/119.0.0.0 Safari/537.36"
89.185.87.250 - - [25/Feb/2026:01:20:00 +0330] "POST /wp-login.php HTTP/1.1" 200 2183 "https://axonvira.com/wp-login.php" "Mozilla/5.0 (X11; Linux x86_64) AppleWebKit/537.36 (KHTML, like Gecko) Chrome/119.0.0.0 Safari/537.36"
176.116.17.46 - - [25/Feb/2026:01:20:00 +0330] "GET /wp-login.php HTTP/1.1" 200 1805 "https://www.google.com" "Mozilla/5.0 (X11; Linux x86_64) AppleWebKit/537.36 (KHTML, like Gecko) Chrome/119.0.0.0 Safari/537.36"
156.249.114.249 - - [25/Feb/2026:01:19:50 +0330] "GET /wp-login.php HTTP/1.1" 200 1805 "https://www.google.com" "Mozilla/5.0 (X11; Linux x86_64) AppleWebKit/537.36 (KHTML, like Gecko) Chrome/119.0.0.0 Safari/537.36"
156.249.114.249 - - [25/Feb/2026:01:19:51 +0330] "POST /wp-login.php HTTP/1.1" 200 2225 "https://axonvira.com/wp-login.php" "Mozilla/5.0 (X11; Linux x86_64) AppleWebKit/537.36 (KHTML, like Gecko) Chrome/119.0.0.0 Safari/537.36"
156.249.114.249 - - [25/Feb/2026:01:19:52 +0330] "GET /wp-admin/ HTTP/1.1" 302 0 "https://axonvira.com/wp-login.php" "Mozilla/5.0 (X11; Linux x86_64) AppleWebKit/537.36 (KHTML, like Gecko) Chrome/119.0.0.0 Safari/537.36"
156.249.114.249 - - [25/Feb/2026:01:19:52 +0330] "GET /wp-login.php?redirect_to=https%3A%2F%2Faxonvira.com%2Fwp-admin%2F&reauth=1 HTTP/1.1" 200 1805 "https://axonvira.com/wp-login.php" "Mozilla/5.0 (X11; Linux x86_64) AppleWebKit/537.36 (KHTML, like Gecko) Chrome/119.0.0.0 Safari/537.36"
156.239.21.146 - - [25/Feb/2026:01:19:53 +0330] "GET /wp-login.php HTTP/1.1" 200 1805 "https://www.google.com" "Mozilla/5.0 (X11; Linux x86_64) AppleWebKit/537.36 (KHTML, like Gecko) Chrome/119.0.0.0 Safari/537.36"
156.239.21.146 - - [25/Feb/2026:01:19:53 +0330] "POST /wp-login.php HTTP/1.1" 200 2225 "https://axonvira.com/wp-login.php" "Mozilla/5.0 (X11; Linux x86_64) AppleWebKit/537.36 (KHTML, like Gecko) Chrome/119.0.0.0 Safari/537.36"
156.239.21.146 - - [25/Feb/2026:01:19:54 +0330] "GET /wp-login.php?redirect_to=https%3A%2F%2Faxonvira.com%2Fwp-admin%2F&reauth=1 HTTP/1.1" 200 1805 "https://axonvira.com/wp-login.php" "Mozilla/5.0 (X11; Linux x86_64) AppleWebKit/537.36 (KHTML, like Gecko) Chrome/119.0.0.0 Safari/537.36"
138.249.96.16 - - [25/Feb/2026:01:19:55 +0330] "GET /wp-json/wp/v2/users HTTP/1.1" 200 343 "https://www.google.com" "Mozilla/5.0 (X11; Linux x86_64) AppleWebKit/537.36 (KHTML, like Gecko) Chrome/119.0.0.0 Safari/537.36"
138.249.96.16 - - [25/Feb/2026:01:19:56 +0330] "POST /xmlrpc.php HTTP/1.1" 200 139 "-" "Apache-HttpClient/4.5.13 (Java/11.0.30)"
138.249.96.16 - - [25/Feb/2026:01:19:57 +0330] "POST /xmlrpc.php HTTP/1.1" 200 210 "-" "Apache-HttpClient/4.5.13 (Java/11.0.30)"
89.185.87.250 - - [25/Feb/2026:01:19:57 +0330] "GET /wp-login.php HTTP/1.1" 200 1805 "https://www.google.com" "Mozilla/5.0 (X11; Linux x86_64) AppleWebKit/537.36 (KHTML, like Gecko) Chrome/119.0.0.0 Safari/537.36"
138.249.96.16 - - [25/Feb/2026:01:19:58 +0330] "POST /xmlrpc.php HTTP/1.1" 200 210 "-" "Apache-HttpClient/4.5.13 (Java/11.0.30)"
138.249.96.16 - - [25/Feb/2026:01:19:59 +0330] "POST /xmlrpc.php HTTP/1.1" 200 210 "-" "Apache-HttpClient/4.5.13 (Java/11.0.30)"
176.116.17.46 - - [25/Feb/2026:01:20:02 +0330] "GET /wp-admin/ HTTP/1.1" 302 0 "https://axonvira.com/wp-login.php" "Mozilla/5.0 (X11; Linux x86_64) AppleWebKit/537.36 (KHTML, like Gecko) Chrome/119.0.0.0 Safari/537.36"
138.249.106.21 - - [25/Feb/2026:01:20:04 +0330] "POST /wp-login.php HTTP/1.1" 200 2225 "https://axonvira.com/wp-login.php" "Mozilla/5.0 (X11; Linux x86_64) AppleWebKit/537.36 (KHTML, like Gecko) Chrome/119.0.0.0 Safari/537.36"
138.249.106.21 - - [25/Feb/2026:01:20:04 +0330] "GET /wp-admin/ HTTP/1.1" 302 0 "https://axonvira.com/wp-login.php" "Mozilla/5.0 (X11; Linux x86_64) AppleWebKit/537.36 (KHTML, like Gecko) Chrome/119.0.0.0 Safari/537.36"
193.56.29.110 - - [25/Feb/2026:01:20:06 +0330] "GET /wp-login.php HTTP/1.1" 200 1805 "https://www.google.com" "Mozilla/5.0 (X11; Linux x86_64) AppleWebKit/537.36 (KHTML, like Gecko) Chrome/119.0.0.0 Safari/537.36"
193.56.29.110 - - [25/Feb/2026:01:20:06 +0330] "POST /wp-login.php HTTP/1.1" 200 2225 "https://axonvira.com/wp-login.php" "Mozilla/5.0 (X11; Linux x86_64) AppleWebKit/537.36 (KHTML, like Gecko) Chrome/119.0.0.0 Safari/537.36"
193.56.29.110 - - [25/Feb/2026:01:20:08 +0330] "GET /wp-login.php?redirect_to=https%3A%2F%2Faxonvira.com%2Fwp-admin%2F&reauth=1 HTTP/1.1" 200 1805 "https://axonvira.com/wp-login.php" "Mozilla/5.0 (X11; Linux x86_64) AppleWebKit/537.36 (KHTML, like Gecko) Chrome/119.0.0.0 Safari/537.36"
176.116.17.46 - - [25/Feb/2026:01:20:01 +0330] "POST /wp-login.php HTTP/1.1" 200 2183 "https://axonvira.com/wp-login.php" "Mozilla/5.0 (X11; Linux x86_64) AppleWebKit/537.36 (KHTML, like Gecko) Chrome/119.0.0.0 Safari/537.36"
89.185.87.250 - - [25/Feb/2026:01:20:03 +0330] "GET /wp-admin/ HTTP/1.1" 302 0 "https://axonvira.com/wp-login.php" "Mozilla/5.0 (X11; Linux x86_64) AppleWebKit/537.36 (KHTML, like Gecko) Chrome/119.0.0.0 Safari/537.36"
176.116.17.46 - - [25/Feb/2026:01:20:03 +0330] "GET /wp-login.php?redirect_to=https%3A%2F%2Faxonvira.com%2Fwp-admin%2F&reauth=1 HTTP/1.1" 200 1805 "https://axonvira.com/wp-login.php" "Mozilla/5.0 (X11; Linux x86_64) AppleWebKit/537.36 (KHTML, like Gecko) Chrome/119.0.0.0 Safari/537.36"
138.249.106.21 - - [25/Feb/2026:01:20:03 +0330] "GET /wp-login.php HTTP/1.1" 200 1805 "https://www.google.com" "Mozilla/5.0 (X11; Linux x86_64) AppleWebKit/537.36 (KHTML, like Gecko) Chrome/119.0.0.0 Safari/537.36"
138.249.106.21 - - [25/Feb/2026:01:20:05 +0330] "GET /wp-login.php?redirect_to=https%3A%2F%2Faxonvira.com%2Fwp-admin%2F&reauth=1 HTTP/1.1" 200 1805 "https://axonvira.com/wp-login.php" "Mozilla/5.0 (X11; Linux x86_64) AppleWebKit/537.36 (KHTML, like Gecko) Chrome/119.0.0.0 Safari/537.36"
89.185.87.250 - - [25/Feb/2026:01:20:06 +0330] "GET /wp-login.php?redirect_to=https%3A%2F%2Faxonvira.com%2Fwp-admin%2F&reauth=1 HTTP/1.1" 200 1805 "https://axonvira.com/wp-login.php" "Mozilla/5.0 (X11; Linux x86_64) AppleWebKit/537.36 (KHTML, like Gecko) Chrome/119.0.0.0 Safari/537.36"
193.56.29.110 - - [25/Feb/2026:01:20:07 +0330] "GET /wp-admin/ HTTP/1.1" 302 0 "https://axonvira.com/wp-login.php" "Mozilla/5.0 (X11; Linux x86_64) AppleWebKit/537.36 (KHTML, like Gecko) Chrome/119.0.0.0 Safari/537.36"
155.212.113.11 - - [25/Feb/2026:01:20:08 +0330] "GET /wp-login.php HTTP/1.1" 200 1805 "https://www.google.com" "Mozilla/5.0 (X11; Linux x86_64) AppleWebKit/537.36 (KHTML, like Gecko) Chrome/119.0.0.0 Safari/537.36"
155.212.113.11 - - [25/Feb/2026:01:20:09 +0330] "POST /wp-login.php HTTP/1.1" 200 2183 "https://axonvira.com/wp-login.php" "Mozilla/5.0 (X11; Linux x86_64) AppleWebKit/537.36 (KHTML, like Gecko) Chrome/119.0.0.0 Safari/537.36"
155.212.113.11 - - [25/Feb/2026:01:20:09 +0330] "GET /wp-admin/ HTTP/1.1" 302 0 "https://axonvira.com/wp-login.php" "Mozilla/5.0 (X11; Linux x86_64) AppleWebKit/537.36 (KHTML, like Gecko) Chrome/119.0.0.0 Safari/537.36"
155.212.113.11 - - [25/Feb/2026:01:20:10 +0330] "GET /wp-login.php?redirect_to=https%3A%2F%2Faxonvira.com%2Fwp-admin%2F&reauth=1 HTTP/1.1" 200 1805 "https://axonvira.com/wp-login.php" "Mozilla/5.0 (X11; Linux x86_64) AppleWebKit/537.36 (KHTML, like Gecko) Chrome/119.0.0.0 Safari/537.36"
45.199.252.97 - - [25/Feb/2026:01:20:12 +0330] "GET /wp-json/wp/v2/users HTTP/1.1" 200 343 "https://www.google.com" "Mozilla/5.0 (X11; Linux x86_64) AppleWebKit/537.36 (KHTML, like Gecko) Chrome/119.0.0.0 Safari/537.36"
45.199.252.97 - - [25/Feb/2026:01:20:13 +0330] "POST /xmlrpc.php HTTP/1.1" 200 139 "-" "Apache-HttpClient/4.5.13 (Java/11.0.30)"
45.199.252.97 - - [25/Feb/2026:01:20:14 +0330] "POST /xmlrpc.php HTTP/1.1" 200 210 "-" "Apache-HttpClient/4.5.13 (Java/11.0.30)"
45.199.252.97 - - [25/Feb/2026:01:20:14 +0330] "POST /xmlrpc.php HTTP/1.1" 200 210 "-" "Apache-HttpClient/4.5.13 (Java/11.0.30)"
45.199.252.97 - - [25/Feb/2026:01:20:15 +0330] "POST /xmlrpc.php HTTP/1.1" 200 210 "-" "Apache-HttpClient/4.5.13 (Java/11.0.30)"
45.199.252.97 - - [25/Feb/2026:01:20:15 +0330] "GET /wp-login.php HTTP/1.1" 200 1805 "https://www.google.com" "Mozilla/5.0 (X11; Linux x86_64) AppleWebKit/537.36 (KHTML, like Gecko) Chrome/119.0.0.0 Safari/537.36"
156.239.135.229 - - [25/Feb/2026:01:20:16 +0330] "GET /wp-login.php HTTP/1.1" 200 1805 "https://www.google.com" "Mozilla/5.0 (X11; Linux x86_64) AppleWebKit/537.36 (KHTML, like Gecko) Chrome/119.0.0.0 Safari/537.36"
156.239.135.229 - - [25/Feb/2026:01:20:18 +0330] "GET /wp-admin/ HTTP/1.1" 302 0 "https://axonvira.com/wp-login.php" "Mozilla/5.0 (X11; Linux x86_64) AppleWebKit/537.36 (KHTML, like Gecko) Chrome/119.0.0.0 Safari/537.36"
45.199.252.97 - - [25/Feb/2026:01:20:13 +0330] "GET /?author=1 HTTP/1.1" 301 0 "https://www.google.com" "Mozilla/5.0 (X11; Linux x86_64) AppleWebKit/537.36 (KHTML, like Gecko) Chrome/119.0.0.0 Safari/537.36"
45.199.252.97 - - [25/Feb/2026:01:20:13 +0330] "POST /xmlrpc.php HTTP/1.1" 200 210 "-" "Apache-HttpClient/4.5.13 (Java/11.0.30)"
20.78.169.245 - - [25/Feb/2026:01:20:17 +0330] "GET /adminfuns.php HTTP/1.1" 401 53 "-" "Mozilla/5.0 (Windows NT 10.0; Win64; x64) AppleWebKit/537.36 (KHTML, like Gecko) Chrome/120.0.0.0 Safari/537.36"
20.78.169.245 - - [25/Feb/2026:01:20:17 +0330] "GET /room.php HTTP/1.1" 401 53 "-" "Mozilla/5.0 (Windows NT 10.0; Win64; x64) AppleWebKit/537.36 (KHTML, like Gecko) Chrome/120.0.0.0 Safari/537.36"
20.78.169.245 - - [25/Feb/2026:01:20:18 +0330] "GET /defaults.php HTTP/1.1" 401 53 "-" "Mozilla/5.0 (Windows NT 10.0; Win64; x64) AppleWebKit/537.36 (KHTML, like Gecko) Chrome/120.0.0.0 Safari/537.36"
20.78.169.245 - - [25/Feb/2026:01:20:18 +0330] "GET /.well-known/lofmebwd.php HTTP/1.1" 401 53 "-" "Mozilla/5.0 (Windows NT 10.0; Win64; x64) AppleWebKit/537.36 (KHTML, like Gecko) Chrome/120.0.0.0 Safari/537.36"
156.239.135.229 - - [25/Feb/2026:01:20:18 +0330] "POST /wp-login.php HTTP/1.1" 200 2183 "https://axonvira.com/wp-login.php" "Mozilla/5.0 (X11; Linux x86_64) AppleWebKit/537.36 (KHTML, like Gecko) Chrome/119.0.0.0 Safari/537.36"
20.78.169.245 - - [25/Feb/2026:01:20:18 +0330] "GET /wp-includes/ID3/autoload_classmap.php HTTP/1.1" 401 53 "-" "Mozilla/5.0 (Windows NT 10.0; Win64; x64) AppleWebKit/537.36 (KHTML, like Gecko) Chrome/120.0.0.0 Safari/537.36"
20.78.169.245 - - [25/Feb/2026:01:20:18 +0330] "GET /goods.php HTTP/1.1" 401 53 "-" "Mozilla/5.0 (Windows NT 10.0; Win64; x64) AppleWebKit/537.36 (KHTML, like Gecko) Chrome/120.0.0.0 Safari/537.36"
20.78.169.245 - - [25/Feb/2026:01:20:19 +0330] "GET /alfa-rex.php7 HTTP/1.1" 401 53 "-" "Mozilla/5.0 (Windows NT 10.0; Win64; x64) AppleWebKit/537.36 (KHTML, like Gecko) Chrome/120.0.0.0 Safari/537.36"
20.78.169.245 - - [25/Feb/2026:01:20:19 +0330] "GET /radio.php HTTP/1.1" 401 53 "-" "Mozilla/5.0 (Windows NT 10.0; Win64; x64) AppleWebKit/537.36 (KHTML, like Gecko) Chrome/120.0.0.0 Safari/537.36"
20.78.169.245 - - [25/Feb/2026:01:20:19 +0330] "GET /inputs.php HTTP/1.1" 401 53 "-" "Mozilla/5.0 (Windows NT 10.0; Win64; x64) AppleWebKit/537.36 (KHTML, like Gecko) Chrome/120.0.0.0 Safari/537.36"
20.78.169.245 - - [25/Feb/2026:01:20:19 +0330] "GET /wp-includes/blocks/heading/autoload_classmap.php HTTP/1.1" 401 53 "-" "Mozilla/5.0 (Windows NT 10.0; Win64; x64) AppleWebKit/537.36 (KHTML, like Gecko) Chrome/120.0.0.0 Safari/537.36"
20.78.169.245 - - [25/Feb/2026:01:20:20 +0330] "GET /wp-contentt.php HTTP/1.1" 401 53 "-" "Mozilla/5.0 (Windows NT 10.0; Win64; x64) AppleWebKit/537.36 (KHTML, like Gecko) Chrome/120.0.0.0 Safari/537.36"
20.78.169.245 - - [25/Feb/2026:01:20:20 +0330] "GET /cloud.php HTTP/1.1" 401 53 "-" "Mozilla/5.0 (Windows NT 10.0; Win64; x64) AppleWebKit/537.36 (KHTML, like Gecko) Chrome/120.0.0.0 Safari/537.36"
20.78.169.245 - - [25/Feb/2026:01:20:20 +0330] "GET /wp-content/uploads/2023/05/autoload_classmap.php HTTP/1.1" 401 53 "-" "Mozilla/5.0 (Windows NT 10.0; Win64; x64) AppleWebKit/537.36 (KHTML, like Gecko) Chrome/120.0.0.0 Safari/537.36"
20.78.169.245 - - [25/Feb/2026:01:20:20 +0330] "GET /.well-known/acme-challenge/new.php HTTP/1.1" 401 53 "-" "Mozilla/5.0 (Windows NT 10.0; Win64; x64) AppleWebKit/537.36 (KHTML, like Gecko) Chrome/120.0.0.0 Safari/537.36"
20.78.169.245 - - [25/Feb/2026:01:20:21 +0330] "GET /wp-index.php HTTP/1.1" 401 53 "-" "Mozilla/5.0 (Windows NT 10.0; Win64; x64) AppleWebKit/537.36 (KHTML, like Gecko) Chrome/120.0.0.0 Safari/537.36"
20.78.169.245 - - [25/Feb/2026:01:20:21 +0330] "GET /wp-admin.php HTTP/1.1" 401 53 "-" "Mozilla/5.0 (Windows NT 10.0; Win64; x64) AppleWebKit/537.36 (KHTML, like Gecko) Chrome/120.0.0.0 Safari/537.36"
20.78.169.245 - - [25/Feb/2026:01:20:21 +0330] "GET /alfa.php HTTP/1.1" 401 53 "-" "Mozilla/5.0 (Windows NT 10.0; Win64; x64) AppleWebKit/537.36 (KHTML, like Gecko) Chrome/120.0.0.0 Safari/537.36"
45.199.253.224 - - [25/Feb/2026:01:20:21 +0330] "POST /wp-login.php HTTP/1.1" 200 2225 "https://axonvira.com/wp-login.php" "Mozilla/5.0 (X11; Linux x86_64) AppleWebKit/537.36 (KHTML, like Gecko) Chrome/119.0.0.0 Safari/537.36"
20.78.169.245 - - [25/Feb/2026:01:20:21 +0330] "GET /classwithtostring.php/rbzccnnp.php/ HTTP/1.1" 401 53 "-" "Mozilla/5.0 (Windows NT 10.0; Win64; x64) AppleWebKit/537.36 (KHTML, like Gecko) Chrome/120.0.0.0 Safari/537.36"
20.78.169.245 - - [25/Feb/2026:01:20:22 +0330] "GET /wp-content/about.php HTTP/1.1" 401 53 "-" "Mozilla/5.0 (Windows NT 10.0; Win64; x64) AppleWebKit/537.36 (KHTML, like Gecko) Chrome/120.0.0.0 Safari/537.36"
20.78.169.245 - - [25/Feb/2026:01:20:22 +0330] "GET /xleet.php HTTP/1.1" 401 53 "-" "Mozilla/5.0 (Windows NT 10.0; Win64; x64) AppleWebKit/537.36 (KHTML, like Gecko) Chrome/120.0.0.0 Safari/537.36"
20.78.169.245 - - [25/Feb/2026:01:20:22 +0330] "GET /wp-content/index.php HTTP/1.1" 401 53 "-" "Mozilla/5.0 (Windows NT 10.0; Win64; x64) AppleWebKit/537.36 (KHTML, like Gecko) Chrome/120.0.0.0 Safari/537.36"
20.78.169.245 - - [25/Feb/2026:01:20:22 +0330] "GET /wp-includes/Requests/file.php HTTP/1.1" 401 53 "-" "Mozilla/5.0 (Windows NT 10.0; Win64; x64) AppleWebKit/537.36 (KHTML, like Gecko) Chrome/120.0.0.0 Safari/537.36"
20.78.169.245 - - [25/Feb/2026:01:20:23 +0330] "GET /.well-known/pki-validation/xmrlpc.php HTTP/1.1" 401 53 "-" "Mozilla/5.0 (Windows NT 10.0; Win64; x64) AppleWebKit/537.36 (KHTML, like Gecko) Chrome/120.0.0.0 Safari/537.36"
20.78.169.245 - - [25/Feb/2026:01:20:23 +0330] "GET /wp-content/upgrade/autoload_classmap.php HTTP/1.1" 401 53 "-" "Mozilla/5.0 (Windows NT 10.0; Win64; x64) AppleWebKit/537.36 (KHTML, like Gecko) Chrome/120.0.0.0 Safari/537.36"
20.78.169.245 - - [25/Feb/2026:01:20:23 +0330] "GET /flower.php HTTP/1.1" 401 53 "-" "Mozilla/5.0 (Windows NT 10.0; Win64; x64) AppleWebKit/537.36 (KHTML, like Gecko) Chrome/120.0.0.0 Safari/537.36"
20.78.169.245 - - [25/Feb/2026:01:20:23 +0330] "GET /about.php HTTP/1.1" 401 53 "-" "Mozilla/5.0 (Windows NT 10.0; Win64; x64) AppleWebKit/537.36 (KHTML, like Gecko) Chrome/120.0.0.0 Safari/537.36"
20.78.169.245 - - [25/Feb/2026:01:20:24 +0330] "GET /wp-admin/index.php HTTP/1.1" 401 53 "-" "Mozilla/5.0 (Windows NT 10.0; Win64; x64) AppleWebKit/537.36 (KHTML, like Gecko) Chrome/120.0.0.0 Safari/537.36"
20.78.169.245 - - [25/Feb/2026:01:20:24 +0330] "GET /.well-known/admin.php HTTP/1.1" 401 53 "-" "Mozilla/5.0 (Windows NT 10.0; Win64; x64) AppleWebKit/537.36 (KHTML, like Gecko) Chrome/120.0.0.0 Safari/537.36"
20.78.169.245 - - [25/Feb/2026:01:20:24 +0330] "GET /wp-content/plugins/ HTTP/1.1" 401 53 "-" "Mozilla/5.0 (Windows NT 10.0; Win64; x64) AppleWebKit/537.36 (KHTML, like Gecko) Chrome/120.0.0.0 Safari/537.36"
154.196.42.203 - - [25/Feb/2026:01:20:24 +0330] "GET /wp-admin/ HTTP/1.1" 302 0 "https://axonvira.com/wp-login.php" "Mozilla/5.0 (X11; Linux x86_64) AppleWebKit/537.36 (KHTML, like Gecko) Chrome/119.0.0.0 Safari/537.36"
20.78.169.245 - - [25/Feb/2026:01:20:24 +0330] "GET /past.php HTTP/1.1" 401 53 "-" "Mozilla/5.0 (Windows NT 10.0; Win64; x64) AppleWebKit/537.36 (KHTML, like Gecko) Chrome/120.0.0.0 Safari/537.36"
154.196.42.203 - - [25/Feb/2026:01:20:24 +0330] "GET /wp-login.php?redirect_to=https%3A%2F%2Faxonvira.com%2Fwp-admin%2F&reauth=1 HTTP/1.1" 200 1805 "https://axonvira.com/wp-login.php" "Mozilla/5.0 (X11; Linux x86_64) AppleWebKit/537.36 (KHTML, like Gecko) Chrome/119.0.0.0 Safari/537.36"
20.78.169.245 - - [25/Feb/2026:01:20:25 +0330] "GET /post.php HTTP/1.1" 401 53 "-" "Mozilla/5.0 (Windows NT 10.0; Win64; x64) AppleWebKit/537.36 (KHTML, like Gecko) Chrome/120.0.0.0 Safari/537.36"
20.78.169.245 - - [25/Feb/2026:01:20:25 +0330] "GET /hehe.php HTTP/1.1" 401 53 "-" "Mozilla/5.0 (Windows NT 10.0; Win64; x64) AppleWebKit/537.36 (KHTML, like Gecko) Chrome/120.0.0.0 Safari/537.36"
20.78.169.245 - - [25/Feb/2026:01:20:25 +0330] "GET /spip.php HTTP/1.1" 401 53 "-" "Mozilla/5.0 (Windows NT 10.0; Win64; x64) AppleWebKit/537.36 (KHTML, like Gecko) Chrome/120.0.0.0 Safari/537.36"
103.166.155.213 - - [25/Feb/2026:01:20:25 +0330] "GET /wp-login.php HTTP/1.1" 200 1805 "https://www.google.com" "Mozilla/5.0 (X11; Linux x86_64) AppleWebKit/537.36 (KHTML, like Gecko) Chrome/119.0.0.0 Safari/537.36"
20.78.169.245 - - [25/Feb/2026:01:20:25 +0330] "GET /config.php HTTP/1.1" 401 53 "-" "Mozilla/5.0 (Windows NT 10.0; Win64; x64) AppleWebKit/537.36 (KHTML, like Gecko) Chrome/120.0.0.0 Safari/537.36"
103.166.155.213 - - [25/Feb/2026:01:20:25 +0330] "POST /wp-login.php HTTP/1.1" 200 2183 "https://axonvira.com/wp-login.php" "Mozilla/5.0 (X11; Linux x86_64) AppleWebKit/537.36 (KHTML, like Gecko) Chrome/119.0.0.0 Safari/537.36"
20.78.169.245 - - [25/Feb/2026:01:20:26 +0330] "GET /root.php HTTP/1.1" 401 53 "-" "Mozilla/5.0 (Windows NT 10.0; Win64; x64) AppleWebKit/537.36 (KHTML, like Gecko) Chrome/120.0.0.0 Safari/537.36"
20.78.169.245 - - [25/Feb/2026:01:20:26 +0330] "GET /.well-known/acme-challenge/classwithtostring.php HTTP/1.1" 401 53 "-" "Mozilla/5.0 (Windows NT 10.0; Win64; x64) AppleWebKit/537.36 (KHTML, like Gecko) Chrome/120.0.0.0 Safari/537.36"
20.78.169.245 - - [25/Feb/2026:01:20:26 +0330] "GET /index.php HTTP/1.1" 401 53 "-" "Mozilla/5.0 (Windows NT 10.0; Win64; x64) AppleWebKit/537.36 (KHTML, like Gecko) Chrome/120.0.0.0 Safari/537.36"
20.78.169.245 - - [25/Feb/2026:01:20:26 +0330] "GET /cookie.php HTTP/1.1" 401 53 "-" "Mozilla/5.0 (Windows NT 10.0; Win64; x64) AppleWebKit/537.36 (KHTML, like Gecko) Chrome/120.0.0.0 Safari/537.36"
103.166.155.213 - - [25/Feb/2026:01:20:26 +0330] "GET /wp-login.php?redirect_to=https%3A%2F%2Faxonvira.com%2Fwp-admin%2F&reauth=1 HTTP/1.1" 200 1805 "https://axonvira.com/wp-login.php" "Mozilla/5.0 (X11; Linux x86_64) AppleWebKit/537.36 (KHTML, like Gecko) Chrome/119.0.0.0 Safari/537.36"
20.78.169.245 - - [25/Feb/2026:01:20:27 +0330] "GET /locale.php HTTP/1.1" 401 53 "-" "Mozilla/5.0 (Windows NT 10.0; Win64; x64) AppleWebKit/537.36 (KHTML, like Gecko) Chrome/120.0.0.0 Safari/537.36"
20.78.169.245 - - [25/Feb/2026:01:20:27 +0330] "GET /ds.php HTTP/1.1" 401 53 "-" "Mozilla/5.0 (Windows NT 10.0; Win64; x64) AppleWebKit/537.36 (KHTML, like Gecko) Chrome/120.0.0.0 Safari/537.36"
20.78.169.245 - - [25/Feb/2026:01:20:27 +0330] "GET /wp-includes/style-engine/gecko-new.php HTTP/1.1" 401 53 "-" "Mozilla/5.0 (Windows NT 10.0; Win64; x64) AppleWebKit/537.36 (KHTML, like Gecko) Chrome/120.0.0.0 Safari/537.36"
20.78.169.245 - - [25/Feb/2026:01:20:27 +0330] "GET /wp-includes/assets/autoload_classmap.php HTTP/1.1" 401 53 "-" "Mozilla/5.0 (Windows NT 10.0; Win64; x64) AppleWebKit/537.36 (KHTML, like Gecko) Chrome/120.0.0.0 Safari/537.36"
20.78.169.245 - - [25/Feb/2026:01:20:28 +0330] "GET /.well-known/pki-validation/index.php HTTP/1.1" 401 53 "-" "Mozilla/5.0 (Windows NT 10.0; Win64; x64) AppleWebKit/537.36 (KHTML, like Gecko) Chrome/120.0.0.0 Safari/537.36"
20.78.169.245 - - [25/Feb/2026:01:20:28 +0330] "GET /wp-content/uploads/autoload_classmap.php HTTP/1.1" 401 53 "-" "Mozilla/5.0 (Windows NT 10.0; Win64; x64) AppleWebKit/537.36 (KHTML, like Gecko) Chrome/120.0.0.0 Safari/537.36"
20.78.169.245 - - [25/Feb/2026:01:20:28 +0330] "GET /text.php HTTP/1.1" 401 53 "-" "Mozilla/5.0 (Windows NT 10.0; Win64; x64) AppleWebKit/537.36 (KHTML, like Gecko) Chrome/120.0.0.0 Safari/537.36"
20.78.169.245 - - [25/Feb/2026:01:20:28 +0330] "GET /ok.php HTTP/1.1" 401 53 "-" "Mozilla/5.0 (Windows NT 10.0; Win64; x64) AppleWebKit/537.36 (KHTML, like Gecko) Chrome/120.0.0.0 Safari/537.36"
20.78.169.245 - - [25/Feb/2026:01:20:29 +0330] "GET /wp-content/uploads/index.php HTTP/1.1" 401 53 "-" "Mozilla/5.0 (Windows NT 10.0; Win64; x64) AppleWebKit/537.36 (KHTML, like Gecko) Chrome/120.0.0.0 Safari/537.36"
20.78.169.245 - - [25/Feb/2026:01:20:29 +0330] "GET /wp-admin/images/ HTTP/1.1" 401 53 "-" "Mozilla/5.0 (Windows NT 10.0; Win64; x64) AppleWebKit/537.36 (KHTML, like Gecko) Chrome/120.0.0.0 Safari/537.36"
20.78.169.245 - - [25/Feb/2026:01:20:29 +0330] "GET /colors.php HTTP/1.1" 401 53 "-" "Mozilla/5.0 (Windows NT 10.0; Win64; x64) AppleWebKit/537.36 (KHTML, like Gecko) Chrome/120.0.0.0 Safari/537.36"
20.78.169.245 - - [25/Feb/2026:01:20:29 +0330] "GET /configs.php HTTP/1.1" 401 53 "-" "Mozilla/5.0 (Windows NT 10.0; Win64; x64) AppleWebKit/537.36 (KHTML, like Gecko) Chrome/120.0.0.0 Safari/537.36"
20.78.169.245 - - [25/Feb/2026:01:20:30 +0330] "GET /k.php HTTP/1.1" 401 53 "-" "Mozilla/5.0 (Windows NT 10.0; Win64; x64) AppleWebKit/537.36 (KHTML, like Gecko) Chrome/120.0.0.0 Safari/537.36"
20.78.169.245 - - [25/Feb/2026:01:20:30 +0330] "GET /wp-includes/SimplePie/file.php HTTP/1.1" 401 53 "-" "Mozilla/5.0 (Windows NT 10.0; Win64; x64) AppleWebKit/537.36 (KHTML, like Gecko) Chrome/120.0.0.0 Safari/537.36"
20.78.169.245 - - [25/Feb/2026:01:20:30 +0330] "GET /randkeyword.php HTTP/1.1" 401 53 "-" "Mozilla/5.0 (Windows NT 10.0; Win64; x64) AppleWebKit/537.36 (KHTML, like Gecko) Chrome/120.0.0.0 Safari/537.36"
20.78.169.245 - - [25/Feb/2026:01:20:30 +0330] "GET /wp-content/admin.php HTTP/1.1" 401 53 "-" "Mozilla/5.0 (Windows NT 10.0; Win64; x64) AppleWebKit/537.36 (KHTML, like Gecko) Chrome/120.0.0.0 Safari/537.36"
20.78.169.245 - - [25/Feb/2026:01:20:30 +0330] "GET /wp-includes/js/crop/ HTTP/1.1" 401 53 "-" "Mozilla/5.0 (Windows NT 10.0; Win64; x64) AppleWebKit/537.36 (KHTML, like Gecko) Chrome/120.0.0.0 Safari/537.36"
20.78.169.245 - - [25/Feb/2026:01:20:31 +0330] "GET /feeds.php HTTP/1.1" 401 53 "-" "Mozilla/5.0 (Windows NT 10.0; Win64; x64) AppleWebKit/537.36 (KHTML, like Gecko) Chrome/120.0.0.0 Safari/537.36"
20.78.169.245 - - [25/Feb/2026:01:20:31 +0330] "GET /menu.php HTTP/1.1" 401 53 "-" "Mozilla/5.0 (Windows NT 10.0; Win64; x64) AppleWebKit/537.36 (KHTML, like Gecko) Chrome/120.0.0.0 Safari/537.36"
20.78.169.245 - - [25/Feb/2026:01:20:31 +0330] "GET /wp-includes/blocks/shortcode/ HTTP/1.1" 401 53 "-" "Mozilla/5.0 (Windows NT 10.0; Win64; x64) AppleWebKit/537.36 (KHTML, like Gecko) Chrome/120.0.0.0 Safari/537.36"
20.78.169.245 - - [25/Feb/2026:01:20:31 +0330] "GET /click.php HTTP/1.1" 401 53 "-" "Mozilla/5.0 (Windows NT 10.0; Win64; x64) AppleWebKit/537.36 (KHTML, like Gecko) Chrome/120.0.0.0 Safari/537.36"
20.78.169.245 - - [25/Feb/2026:01:20:32 +0330] "GET /files.php HTTP/1.1" 401 53 "-" "Mozilla/5.0 (Windows NT 10.0; Win64; x64) AppleWebKit/537.36 (KHTML, like Gecko) Chrome/120.0.0.0 Safari/537.36"
153.80.159.10 - - [25/Feb/2026:01:20:31 +0330] "GET /?author=1 HTTP/1.1" 301 0 "https://www.google.com" "Mozilla/5.0 (X11; Linux x86_64) AppleWebKit/537.36 (KHTML, like Gecko) Chrome/119.0.0.0 Safari/537.36"
20.78.169.245 - - [25/Feb/2026:01:20:32 +0330] "GET /config.php7 HTTP/1.1" 401 53 "-" "Mozilla/5.0 (Windows NT 10.0; Win64; x64) AppleWebKit/537.36 (KHTML, like Gecko) Chrome/120.0.0.0 Safari/537.36"
20.78.169.245 - - [25/Feb/2026:01:20:32 +0330] "GET /theme.php HTTP/1.1" 401 53 "-" "Mozilla/5.0 (Windows NT 10.0; Win64; x64) AppleWebKit/537.36 (KHTML, like Gecko) Chrome/120.0.0.0 Safari/537.36"
20.78.169.245 - - [25/Feb/2026:01:20:32 +0330] "GET /block-bindings.php HTTP/1.1" 401 53 "-" "Mozilla/5.0 (Windows NT 10.0; Win64; x64) AppleWebKit/537.36 (KHTML, like Gecko) Chrome/120.0.0.0 Safari/537.36"
20.78.169.245 - - [25/Feb/2026:01:20:33 +0330] "GET /wp-includes/blocks/more/ HTTP/1.1" 401 53 "-" "Mozilla/5.0 (Windows NT 10.0; Win64; x64) AppleWebKit/537.36 (KHTML, like Gecko) Chrome/120.0.0.0 Safari/537.36"
20.78.169.245 - - [25/Feb/2026:01:20:33 +0330] "GET /wp-content/bk.php HTTP/1.1" 401 53 "-" "Mozilla/5.0 (Windows NT 10.0; Win64; x64) AppleWebKit/537.36 (KHTML, like Gecko) Chrome/120.0.0.0 Safari/537.36"
153.80.159.10 - - [25/Feb/2026:01:20:33 +0330] "POST /xmlrpc.php HTTP/1.1" 200 210 "-" "Apache-HttpClient/4.5.13 (Java/11.0.30)"
20.78.169.245 - - [25/Feb/2026:01:20:33 +0330] "GET /wp-admin/css/autoload_classmap.php HTTP/1.1" 401 53 "-" "Mozilla/5.0 (Windows NT 10.0; Win64; x64) AppleWebKit/537.36 (KHTML, like Gecko) Chrome/120.0.0.0 Safari/537.36"
20.78.169.245 - - [25/Feb/2026:01:20:33 +0330] "GET /.tmb/autoload_classmap.php HTTP/1.1" 401 53 "-" "Mozilla/5.0 (Windows NT 10.0; Win64; x64) AppleWebKit/537.36 (KHTML, like Gecko) Chrome/120.0.0.0 Safari/537.36"
20.78.169.245 - - [25/Feb/2026:01:20:34 +0330] "GET /wp-includes/sitemaps/autoload_classmap.php HTTP/1.1" 401 53 "-" "Mozilla/5.0 (Windows NT 10.0; Win64; x64) AppleWebKit/537.36 (KHTML, like Gecko) Chrome/120.0.0.0 Safari/537.36"
153.80.159.10 - - [25/Feb/2026:01:20:33 +0330] "POST /xmlrpc.php HTTP/1.1" 200 210 "-" "Apache-HttpClient/4.5.13 (Java/11.0.30)"
20.78.169.245 - - [25/Feb/2026:01:20:34 +0330] "GET /ova.php HTTP/1.1" 401 53 "-" "Mozilla/5.0 (Windows NT 10.0; Win64; x64) AppleWebKit/537.36 (KHTML, like Gecko) Chrome/120.0.0.0 Safari/537.36"
20.78.169.245 - - [25/Feb/2026:01:20:34 +0330] "GET /dropdown.php HTTP/1.1" 401 53 "-" "Mozilla/5.0 (Windows NT 10.0; Win64; x64) AppleWebKit/537.36 (KHTML, like Gecko) Chrome/120.0.0.0 Safari/537.36"
20.78.169.245 - - [25/Feb/2026:01:20:34 +0330] "GET /xmlrpc.php HTTP/1.1" 401 53 "-" "Mozilla/5.0 (Windows NT 10.0; Win64; x64) AppleWebKit/537.36 (KHTML, like Gecko) Chrome/120.0.0.0 Safari/537.36"
153.80.159.10 - - [25/Feb/2026:01:20:34 +0330] "POST /xmlrpc.php HTTP/1.1" 200 210 "-" "Apache-HttpClient/4.5.13 (Java/11.0.30)"
20.78.169.245 - - [25/Feb/2026:01:20:35 +0330] "GET /xcc.php HTTP/1.1" 401 53 "-" "Mozilla/5.0 (Windows NT 10.0; Win64; x64) AppleWebKit/537.36 (KHTML, like Gecko) Chrome/120.0.0.0 Safari/537.36"
20.78.169.245 - - [25/Feb/2026:01:20:35 +0330] "GET /wp-content/file.php HTTP/1.1" 401 53 "-" "Mozilla/5.0 (Windows NT 10.0; Win64; x64) AppleWebKit/537.36 (KHTML, like Gecko) Chrome/120.0.0.0 Safari/537.36"
20.78.169.245 - - [25/Feb/2026:01:20:35 +0330] "GET /wp-admin/images/admin.php HTTP/1.1" 401 53 "-" "Mozilla/5.0 (Windows NT 10.0; Win64; x64) AppleWebKit/537.36 (KHTML, like Gecko) Chrome/120.0.0.0 Safari/537.36"
153.80.159.10 - - [25/Feb/2026:01:20:35 +0330] "POST /xmlrpc.php HTTP/1.1" 200 210 "-" "Apache-HttpClient/4.5.13 (Java/11.0.30)"
20.78.169.245 - - [25/Feb/2026:01:20:35 +0330] "GET /file.php HTTP/1.1" 401 53 "-" "Mozilla/5.0 (Windows NT 10.0; Win64; x64) AppleWebKit/537.36 (KHTML, like Gecko) Chrome/120.0.0.0 Safari/537.36"
20.78.169.245 - - [25/Feb/2026:01:20:36 +0330] "GET /wp-configs.php HTTP/1.1" 401 53 "-" "Mozilla/5.0 (Windows NT 10.0; Win64; x64) AppleWebKit/537.36 (KHTML, like Gecko) Chrome/120.0.0.0 Safari/537.36"
20.78.169.245 - - [25/Feb/2026:01:20:36 +0330] "GET /wp-content/autoload_classmap.php HTTP/1.1" 401 53 "-" "Mozilla/5.0 (Windows NT 10.0; Win64; x64) AppleWebKit/537.36 (KHTML, like Gecko) Chrome/120.0.0.0 Safari/537.36"
20.78.169.245 - - [25/Feb/2026:01:20:36 +0330] "GET /wp-includes/theme-compat/autoload_classmap.php HTTP/1.1" 401 53 "-" "Mozilla/5.0 (Windows NT 10.0; Win64; x64) AppleWebKit/537.36 (KHTML, like Gecko) Chrome/120.0.0.0 Safari/537.36"
20.78.169.245 - - [25/Feb/2026:01:20:36 +0330] "GET /wp-includes/css/dist/edit-widgets/ HTTP/1.1" 401 53 "-" "Mozilla/5.0 (Windows NT 10.0; Win64; x64) AppleWebKit/537.36 (KHTML, like Gecko) Chrome/120.0.0.0 Safari/537.36"
20.78.169.245 - - [25/Feb/2026:01:20:37 +0330] "GET /functions.php HTTP/1.1" 401 53 "-" "Mozilla/5.0 (Windows NT 10.0; Win64; x64) AppleWebKit/537.36 (KHTML, like Gecko) Chrome/120.0.0.0 Safari/537.36"
45.199.232.105 - - [25/Feb/2026:01:20:36 +0330] "GET /wp-login.php HTTP/1.1" 200 1805 "https://www.google.com" "Mozilla/5.0 (X11; Linux x86_64) AppleWebKit/537.36 (KHTML, like Gecko) Chrome/119.0.0.0 Safari/537.36"
20.78.169.245 - - [25/Feb/2026:01:20:37 +0330] "GET /edit.php HTTP/1.1" 401 53 "-" "Mozilla/5.0 (Windows NT 10.0; Win64; x64) AppleWebKit/537.36 (KHTML, like Gecko) Chrome/120.0.0.0 Safari/537.36"
20.78.169.245 - - [25/Feb/2026:01:20:37 +0330] "GET /update.php HTTP/1.1" 401 53 "-" "Mozilla/5.0 (Windows NT 10.0; Win64; x64) AppleWebKit/537.36 (KHTML, like Gecko) Chrome/120.0.0.0 Safari/537.36"
20.78.169.245 - - [25/Feb/2026:01:20:37 +0330] "GET /wp-content/classwithtostring.php HTTP/1.1" 401 53 "-" "Mozilla/5.0 (Windows NT 10.0; Win64; x64) AppleWebKit/537.36 (KHTML, like Gecko) Chrome/120.0.0.0 Safari/537.36"
20.78.169.245 - - [25/Feb/2026:01:20:38 +0330] "GET /bak.php HTTP/1.1" 401 53 "-" "Mozilla/5.0 (Windows NT 10.0; Win64; x64) AppleWebKit/537.36 (KHTML, like Gecko) Chrome/120.0.0.0 Safari/537.36"
20.78.169.245 - - [25/Feb/2026:01:20:38 +0330] "GET /plugin.php HTTP/1.1" 401 53 "-" "Mozilla/5.0 (Windows NT 10.0; Win64; x64) AppleWebKit/537.36 (KHTML, like Gecko) Chrome/120.0.0.0 Safari/537.36"
20.78.169.245 - - [25/Feb/2026:01:20:38 +0330] "GET /wp-content/uploads/2023/10/autoload_classmap.php HTTP/1.1" 401 53 "-" "Mozilla/5.0 (Windows NT 10.0; Win64; x64) AppleWebKit/537.36 (KHTML, like Gecko) Chrome/120.0.0.0 Safari/537.36"
45.199.232.105 - - [25/Feb/2026:01:20:38 +0330] "GET /wp-admin/ HTTP/1.1" 302 0 "https://axonvira.com/wp-login.php" "Mozilla/5.0 (X11; Linux x86_64) AppleWebKit/537.36 (KHTML, like Gecko) Chrome/119.0.0.0 Safari/537.36"
20.78.169.245 - - [25/Feb/2026:01:20:38 +0330] "GET /meta.php HTTP/1.1" 401 53 "-" "Mozilla/5.0 (Windows NT 10.0; Win64; x64) AppleWebKit/537.36 (KHTML, like Gecko) Chrome/120.0.0.0 Safari/537.36"
20.78.169.245 - - [25/Feb/2026:01:20:39 +0330] "GET /2.php HTTP/1.1" 401 53 "-" "Mozilla/5.0 (Windows NT 10.0; Win64; x64) AppleWebKit/537.36 (KHTML, like Gecko) Chrome/120.0.0.0 Safari/537.36"
20.78.169.245 - - [25/Feb/2026:01:20:39 +0330] "GET /public/makeasmtp.php HTTP/1.1" 401 53 "-" "Mozilla/5.0 (Windows NT 10.0; Win64; x64) AppleWebKit/537.36 (KHTML, like Gecko) Chrome/120.0.0.0 Safari/537.36"
20.78.169.245 - - [25/Feb/2026:01:20:39 +0330] "GET /buy.php HTTP/1.1" 401 53 "-" "Mozilla/5.0 (Windows NT 10.0; Win64; x64) AppleWebKit/537.36 (KHTML, like Gecko) Chrome/120.0.0.0 Safari/537.36"
20.78.169.245 - - [25/Feb/2026:01:20:39 +0330] "GET /wp-admin/user/file.php HTTP/1.1" 401 53 "-" "Mozilla/5.0 (Windows NT 10.0; Win64; x64) AppleWebKit/537.36 (KHTML, like Gecko) Chrome/120.0.0.0 Safari/537.36"
45.128.125.231 - - [25/Feb/2026:01:20:39 +0330] "GET /wp-login.php HTTP/1.1" 200 1805 "https://www.google.com" "Mozilla/5.0 (X11; Linux x86_64) AppleWebKit/537.36 (KHTML, like Gecko) Chrome/119.0.0.0 Safari/537.36"
20.78.169.245 - - [25/Feb/2026:01:20:40 +0330] "GET /admin.php HTTP/1.1" 401 53 "-" "Mozilla/5.0 (Windows NT 10.0; Win64; x64) AppleWebKit/537.36 (KHTML, like Gecko) Chrome/120.0.0.0 Safari/537.36"
20.78.169.245 - - [25/Feb/2026:01:20:40 +0330] "GET /sim.php HTTP/1.1" 401 53 "-" "Mozilla/5.0 (Windows NT 10.0; Win64; x64) AppleWebKit/537.36 (KHTML, like Gecko) Chrome/120.0.0.0 Safari/537.36"
45.128.125.231 - - [25/Feb/2026:01:20:40 +0330] "POST /wp-login.php HTTP/1.1" 200 2225 "https://axonvira.com/wp-login.php" "Mozilla/5.0 (X11; Linux x86_64) AppleWebKit/537.36 (KHTML, like Gecko) Chrome/119.0.0.0 Safari/537.36"
20.78.169.245 - - [25/Feb/2026:01:20:40 +0330] "GET /1.php HTTP/1.1" 401 53 "-" "Mozilla/5.0 (Windows NT 10.0; Win64; x64) AppleWebKit/537.36 (KHTML, like Gecko) Chrome/120.0.0.0 Safari/537.36"
20.78.169.245 - - [25/Feb/2026:01:20:40 +0330] "GET /updates.php HTTP/1.1" 401 53 "-" "Mozilla/5.0 (Windows NT 10.0; Win64; x64) AppleWebKit/537.36 (KHTML, like Gecko) Chrome/120.0.0.0 Safari/537.36"
45.128.125.231 - - [25/Feb/2026:01:20:40 +0330] "GET /wp-admin/ HTTP/1.1" 302 0 "https://axonvira.com/wp-login.php" "Mozilla/5.0 (X11; Linux x86_64) AppleWebKit/537.36 (KHTML, like Gecko) Chrome/119.0.0.0 Safari/537.36"
20.78.169.245 - - [25/Feb/2026:01:20:41 +0330] "GET /wp-content/uploads/admin.php HTTP/1.1" 401 53 "-" "Mozilla/5.0 (Windows NT 10.0; Win64; x64) AppleWebKit/537.36 (KHTML, like Gecko) Chrome/120.0.0.0 Safari/537.36"
20.78.169.245 - - [25/Feb/2026:01:20:41 +0330] "GET /autoload_classmap.php HTTP/1.1" 401 53 "-" "Mozilla/5.0 (Windows NT 10.0; Win64; x64) AppleWebKit/537.36 (KHTML, like Gecko) Chrome/120.0.0.0 Safari/537.36"
45.128.125.231 - - [25/Feb/2026:01:20:41 +0330] "GET /wp-login.php?redirect_to=https%3A%2F%2Faxonvira.com%2Fwp-admin%2F&reauth=1 HTTP/1.1" 200 1805 "https://axonvira.com/wp-login.php" "Mozilla/5.0 (X11; Linux x86_64) AppleWebKit/537.36 (KHTML, like Gecko) Chrome/119.0.0.0 Safari/537.36"
20.78.169.245 - - [25/Feb/2026:01:20:41 +0330] "GET /user.php HTTP/1.1" 401 53 "-" "Mozilla/5.0 (Windows NT 10.0; Win64; x64) AppleWebKit/537.36 (KHTML, like Gecko) Chrome/120.0.0.0 Safari/537.36"
20.78.169.245 - - [25/Feb/2026:01:20:41 +0330] "GET /xmlrpc.php0 HTTP/1.1" 401 53 "-" "Mozilla/5.0 (Windows NT 10.0; Win64; x64) AppleWebKit/537.36 (KHTML, like Gecko) Chrome/120.0.0.0 Safari/537.36"
20.78.169.245 - - [25/Feb/2026:01:20:42 +0330] "GET /wp-admin/classwithtostring.php HTTP/1.1" 401 53 "-" "Mozilla/5.0 (Windows NT 10.0; Win64; x64) AppleWebKit/537.36 (KHTML, like Gecko) Chrome/120.0.0.0 Safari/537.36"
20.78.169.245 - - [25/Feb/2026:01:20:42 +0330] "GET /wp-includes/blocks/loginout/ HTTP/1.1" 401 53 "-" "Mozilla/5.0 (Windows NT 10.0; Win64; x64) AppleWebKit/537.36 (KHTML, like Gecko) Chrome/120.0.0.0 Safari/537.36"
20.78.169.245 - - [25/Feb/2026:01:20:42 +0330] "GET /wp-includes/blocks/autoload_classmap.php HTTP/1.1" 401 53 "-" "Mozilla/5.0 (Windows NT 10.0; Win64; x64) AppleWebKit/537.36 (KHTML, like Gecko) Chrome/120.0.0.0 Safari/537.36"
20.78.169.245 - - [25/Feb/2026:01:20:42 +0330] "GET /gecko-new.php HTTP/1.1" 401 53 "-" "Mozilla/5.0 (Windows NT 10.0; Win64; x64) AppleWebKit/537.36 (KHTML, like Gecko) Chrome/120.0.0.0 Safari/537.36"
20.78.169.245 - - [25/Feb/2026:01:20:42 +0330] "GET /install.php HTTP/1.1" 401 53 "-" "Mozilla/5.0 (Windows NT 10.0; Win64; x64) AppleWebKit/537.36 (KHTML, like Gecko) Chrome/120.0.0.0 Safari/537.36"
193.8.171.93 - - [25/Feb/2026:01:20:42 +0330] "POST /wp-login.php HTTP/1.1" 200 2225 "https://axonvira.com/wp-login.php" "Mozilla/5.0 (X11; Linux x86_64) AppleWebKit/537.36 (KHTML, like Gecko) Chrome/119.0.0.0 Safari/537.36"
20.78.169.245 - - [25/Feb/2026:01:20:43 +0330] "GET /input.php HTTP/1.1" 401 53 "-" "Mozilla/5.0 (Windows NT 10.0; Win64; x64) AppleWebKit/537.36 (KHTML, like Gecko) Chrome/120.0.0.0 Safari/537.36"
20.78.169.245 - - [25/Feb/2026:01:20:43 +0330] "GET /wp-content/plugins/WordPressCore/ HTTP/1.1" 401 53 "-" "Mozilla/5.0 (Windows NT 10.0; Win64; x64) AppleWebKit/537.36 (KHTML, like Gecko) Chrome/120.0.0.0 Safari/537.36"
20.78.169.245 - - [25/Feb/2026:01:20:43 +0330] "GET /wp-content/themes/about.php HTTP/1.1" 401 53 "-" "Mozilla/5.0 (Windows NT 10.0; Win64; x64) AppleWebKit/537.36 (KHTML, like Gecko) Chrome/120.0.0.0 Safari/537.36"
20.78.169.245 - - [25/Feb/2026:01:20:43 +0330] "GET /.well-known/acme-challenge/xmrlpc.php HTTP/1.1" 401 53 "-" "Mozilla/5.0 (Windows NT 10.0; Win64; x64) AppleWebKit/537.36 (KHTML, like Gecko) Chrome/120.0.0.0 Safari/537.36"
20.78.169.245 - - [25/Feb/2026:01:20:44 +0330] "GET /wp-2019.php HTTP/1.1" 401 53 "-" "Mozilla/5.0 (Windows NT 10.0; Win64; x64) AppleWebKit/537.36 (KHTML, like Gecko) Chrome/120.0.0.0 Safari/537.36"
